Last updated on 2025-05-08 04:52:17 CEST.
Flavor | Version | Tinstall | Tcheck | Ttotal | Status | Flags |
---|---|---|---|---|---|---|
r-devel-linux-x86_64-debian-clang | 0.0.7 | 140.02 | 30.13 | 170.15 | OK | |
r-devel-linux-x86_64-debian-gcc | 0.0.7 | 107.26 | 24.18 | 131.44 | OK | |
r-devel-linux-x86_64-fedora-clang | 0.0.7 | 286.11 | OK | |||
r-devel-linux-x86_64-fedora-gcc | 0.0.7 | 286.48 | OK | |||
r-devel-windows-x86_64 | 0.0.7 | 107.00 | 90.00 | 197.00 | OK | |
r-patched-linux-x86_64 | 0.0.7 | 139.41 | 27.75 | 167.16 | OK | |
r-release-linux-x86_64 | 0.0.7 | 139.59 | 27.60 | 167.19 | OK | |
r-release-macos-arm64 | 0.0.7 | 70.00 | OK | |||
r-release-macos-x86_64 | 0.0.7 | 91.00 | OK | |||
r-release-windows-x86_64 | 0.0.7 | 108.00 | 86.00 | 194.00 | OK | |
r-oldrel-macos-arm64 | 0.0.7 | 69.00 | NOTE | |||
r-oldrel-macos-x86_64 | 0.0.7 | 99.00 | NOTE | |||
r-oldrel-windows-x86_64 | 0.0.7 | 113.00 | 103.00 | 216.00 | NOTE |
Version: 0.0.7
Check: installed package size
Result: NOTE
installed size is 12.7Mb
sub-directories of 1Mb or more:
libs 12.6Mb
Flavors: r-oldrel-macos-arm64, r-oldrel-macos-x86_64, r-oldrel-windows-x86_64
These binaries (installable software) and packages are in development.
They may not be fully stable and should be used with caution. We make no claims about them.