Last updated on 2025-05-21 21:49:29 CEST.
Flavor | Version | Tinstall | Tcheck | Ttotal | Status | Flags |
---|---|---|---|---|---|---|
r-devel-linux-x86_64-debian-clang | 1.6.13 | 19.59 | 59.98 | 79.57 | OK | |
r-devel-linux-x86_64-debian-gcc | 1.6.13 | 16.34 | 47.39 | 63.73 | OK | |
r-devel-linux-x86_64-fedora-clang | 1.6.13 | 132.39 | OK | |||
r-devel-linux-x86_64-fedora-gcc | 1.6.13 | 154.22 | OK | |||
r-devel-windows-x86_64 | 1.6.13 | 28.00 | 186.00 | 214.00 | OK | |
r-patched-linux-x86_64 | 1.6.13 | 22.60 | 59.14 | 81.74 | OK | |
r-release-linux-x86_64 | 1.6.13 | 22.08 | 58.73 | 80.81 | OK | |
r-release-macos-arm64 | 1.6.13 | 108.00 | OK | |||
r-release-macos-x86_64 | 1.6.13 | 167.00 | OK | |||
r-release-windows-x86_64 | 1.6.13 | 30.00 | 199.00 | 229.00 | OK | |
r-oldrel-macos-arm64 | 1.6.13 | 100.00 | NOTE | |||
r-oldrel-macos-x86_64 | 1.6.13 | 153.00 | NOTE | |||
r-oldrel-windows-x86_64 | 1.6.13 | 31.00 | 145.00 | 176.00 | OK |
Version: 1.6.13
Check: installed package size
Result: NOTE
installed size is 6.0Mb
sub-directories of 1Mb or more:
libs 2.4Mb
projects 2.9Mb
Flavors: r-oldrel-macos-arm64, r-oldrel-macos-x86_64
These binaries (installable software) and packages are in development.
They may not be fully stable and should be used with caution. We make no claims about them.