Last updated on 2025-11-12 23:50:57 CET.
| Flavor | Version | Tinstall | Tcheck | Ttotal | Status | Flags |
|---|---|---|---|---|---|---|
| r-devel-linux-x86_64-debian-clang | 1.6.13 | 18.27 | 72.86 | 91.13 | OK | |
| r-devel-linux-x86_64-debian-gcc | 1.6.13 | 14.84 | 55.41 | 70.25 | OK | |
| r-devel-linux-x86_64-fedora-clang | 1.6.13 | 35.00 | 96.61 | 131.61 | OK | |
| r-devel-linux-x86_64-fedora-gcc | 1.6.13 | 104.00 | 53.66 | 157.66 | OK | |
| r-devel-windows-x86_64 | 1.6.13 | 31.00 | 160.00 | 191.00 | OK | |
| r-patched-linux-x86_64 | 1.6.13 | 22.18 | 71.04 | 93.22 | OK | |
| r-release-linux-x86_64 | 1.6.13 | 21.93 | 70.86 | 92.79 | OK | |
| r-release-macos-arm64 | 1.6.13 | 11.00 | 97.00 | 108.00 | OK | |
| r-release-macos-x86_64 | 1.6.13 | 21.00 | 146.00 | 167.00 | OK | |
| r-release-windows-x86_64 | 1.6.13 | 32.00 | 160.00 | 192.00 | OK | |
| r-oldrel-macos-arm64 | 1.6.13 | 9.00 | 91.00 | 100.00 | NOTE | |
| r-oldrel-macos-x86_64 | 1.6.13 | 22.00 | 131.00 | 153.00 | NOTE | |
| r-oldrel-windows-x86_64 | 1.6.13 | 31.00 | 176.00 | 207.00 | OK |
Version: 1.6.13
Check: installed package size
Result: NOTE
installed size is 6.0Mb
sub-directories of 1Mb or more:
libs 2.4Mb
projects 2.9Mb
Flavors: r-oldrel-macos-arm64, r-oldrel-macos-x86_64
These binaries (installable software) and packages are in development.
They may not be fully stable and should be used with caution. We make no claims about them.