Last updated on 2025-10-23 17:51:01 CEST.
Flavor | Version | Tinstall | Tcheck | Ttotal | Status | Flags |
---|---|---|---|---|---|---|
r-devel-linux-x86_64-debian-clang | 0.1.5 | 46.08 | 235.02 | 281.10 | NOTE | |
r-devel-linux-x86_64-debian-gcc | 0.1.5 | 30.17 | 140.61 | 170.78 | OK | |
r-devel-linux-x86_64-fedora-clang | 0.1.5 | 95.00 | 366.55 | 461.55 | OK | |
r-devel-linux-x86_64-fedora-gcc | 0.1.5 | 113.00 | 354.73 | 467.73 | OK | |
r-devel-windows-x86_64 | 0.1.5 | 50.00 | 202.00 | 252.00 | OK | |
r-patched-linux-x86_64 | 0.1.5 | 43.67 | 223.92 | 267.59 | OK | |
r-release-linux-x86_64 | 0.1.5 | 48.08 | 224.37 | 272.45 | OK | |
r-release-macos-arm64 | 0.1.5 | 18.00 | 84.00 | 102.00 | OK | |
r-release-macos-x86_64 | 0.1.5 | 33.00 | 200.00 | 233.00 | OK | |
r-release-windows-x86_64 | 0.1.5 | 49.00 | 205.00 | 254.00 | OK | |
r-oldrel-macos-arm64 | 0.1.5 | 18.00 | 81.00 | 99.00 | OK | |
r-oldrel-macos-x86_64 | 0.1.5 | 39.00 | 144.00 | 183.00 | OK | |
r-oldrel-windows-x86_64 | 0.1.5 | 65.00 | 280.00 | 345.00 | OK |
Version: 0.1.5
Check: HTML version of manual
Result: NOTE
Found the following HTML validation problems:
split_data.html:54:1 (split_data.Rd:14): Warning: missing </ul> before </div>
Flavor: r-devel-linux-x86_64-debian-clang
These binaries (installable software) and packages are in development.
They may not be fully stable and should be used with caution. We make no claims about them.