CRAN Package Check Results for Package rtrends

Last updated on 2025-05-25 21:48:47 CEST.

Flavor Version Tinstall Tcheck Ttotal Status Flags
r-devel-linux-x86_64-debian-clang 0.1.0 1.40 17.96 19.36 NOTE
r-devel-linux-x86_64-debian-gcc 0.1.0 1.27 15.18 16.45 NOTE
r-devel-linux-x86_64-fedora-clang 0.1.0 30.97 NOTE
r-devel-linux-x86_64-fedora-gcc 0.1.0 29.28 NOTE
r-devel-windows-x86_64 0.1.0 6.00 71.00 77.00 OK
r-patched-linux-x86_64 0.1.0 1.75 17.44 19.19 OK
r-release-linux-x86_64 0.1.0 1.73 17.45 19.18 OK
r-release-macos-arm64 0.1.0 17.00 OK
r-release-macos-x86_64 0.1.0 25.00 OK
r-release-windows-x86_64 0.1.0 4.00 41.00 45.00 OK
r-oldrel-macos-arm64 0.1.0 15.00 OK
r-oldrel-macos-x86_64 0.1.0 25.00 OK
r-oldrel-windows-x86_64 0.1.0 4.00 43.00 47.00 OK

Check Details

Version: 0.1.0
Check: CRAN incoming feasibility
Result: NOTE Maintainer: ‘Avi Blinder <aviblinder@gmail.com>’ No Authors@R field in DESCRIPTION. Please add one, modifying Authors@R: person(given = "Avi", family = "Blinder", role = c("aut", "cre"), email = "aviblinder@gmail.com") as necessary. Flavors: r-devel-linux-x86_64-debian-clang, r-devel-linux-x86_64-debian-gcc

Version: 0.1.0
Check: dependencies in R code
Result: NOTE Namespace in Imports field not imported from: ‘dplyr’ All declared Imports should be used. Flavors: r-devel-linux-x86_64-fedora-clang, r-devel-linux-x86_64-fedora-gcc

These binaries (installable software) and packages are in development.
They may not be fully stable and should be used with caution. We make no claims about them.