Last updated on 2025-05-01 08:52:45 CEST.
Flavor | Version | Tinstall | Tcheck | Ttotal | Status | Flags |
---|---|---|---|---|---|---|
r-devel-linux-x86_64-debian-clang | 0.7.7 | 1373.77 | 169.41 | 1543.18 | OK | |
r-devel-linux-x86_64-debian-gcc | 0.7.7 | 1070.13 | 216.15 | 1286.28 | OK | |
r-devel-linux-x86_64-fedora-clang | 0.7.7 | 2487.44 | OK | |||
r-devel-linux-x86_64-fedora-gcc | 0.7.7 | 3463.08 | OK | |||
r-devel-windows-x86_64 | 0.7.7 | 1328.00 | 320.00 | 1648.00 | OK | |
r-patched-linux-x86_64 | 0.7.7 | 1660.18 | 304.53 | 1964.71 | OK | |
r-release-linux-x86_64 | OK | |||||
r-release-macos-arm64 | 0.7.7 | 635.00 | OK | |||
r-release-macos-x86_64 | 0.7.7 | 628.00 | OK | |||
r-release-windows-x86_64 | 0.7.7 | 1329.00 | 320.00 | 1649.00 | OK | |
r-oldrel-macos-arm64 | 0.7.7 | 337.00 | NOTE | |||
r-oldrel-macos-x86_64 | 0.7.7 | 259.00 | NOTE | |||
r-oldrel-windows-x86_64 | 0.7.7 | 1610.00 | 372.00 | 1982.00 | NOTE |
Version: 0.7.7
Check: package dependencies
Result: NOTE
Package suggested but not available for checking: ‘cmdstanr’
Flavors: r-oldrel-macos-arm64, r-oldrel-macos-x86_64, r-oldrel-windows-x86_64
Version: 0.7.7
Check: installed package size
Result: NOTE
installed size is 219.9Mb
sub-directories of 1Mb or more:
data 1.5Mb
libs 217.5Mb
Flavors: r-oldrel-macos-arm64, r-oldrel-macos-x86_64, r-oldrel-windows-x86_64
Version: 0.7.7
Check: for GNU extensions in Makefiles
Result: NOTE
GNU make is a SystemRequirements.
Flavors: r-oldrel-macos-arm64, r-oldrel-macos-x86_64, r-oldrel-windows-x86_64
These binaries (installable software) and packages are in development.
They may not be fully stable and should be used with caution. We make no claims about them.