Last updated on 2025-02-16 08:50:59 CET.
Flavor | Version | Tinstall | Tcheck | Ttotal | Status | Flags |
---|---|---|---|---|---|---|
r-devel-linux-x86_64-debian-clang | 0.1.5 | 2.55 | 22.84 | 25.39 | NOTE | |
r-devel-linux-x86_64-debian-gcc | 0.1.5 | 1.56 | 18.07 | 19.63 | NOTE | |
r-devel-linux-x86_64-fedora-clang | 0.1.5 | 40.92 | OK | |||
r-devel-linux-x86_64-fedora-gcc | 0.1.5 | 38.69 | OK | |||
r-devel-macos-arm64 | 0.1.5 | 16.00 | OK | |||
r-devel-macos-x86_64 | 0.1.5 | 27.00 | OK | |||
r-devel-windows-x86_64 | 0.1.5 | 4.00 | 47.00 | 51.00 | NOTE | |
r-patched-linux-x86_64 | 0.1.5 | 4.30 | 21.56 | 25.86 | OK | |
r-release-linux-x86_64 | 0.1.5 | 1.87 | 21.53 | 23.40 | OK | |
r-release-macos-arm64 | 0.1.5 | 17.00 | OK | |||
r-release-macos-x86_64 | 0.1.5 | 28.00 | OK | |||
r-release-windows-x86_64 | 0.1.5 | 5.00 | 50.00 | 55.00 | OK | |
r-oldrel-macos-arm64 | 0.1.5 | 20.00 | OK | |||
r-oldrel-macos-x86_64 | 0.1.5 | 37.00 | OK | |||
r-oldrel-windows-x86_64 | 0.1.5 | 5.00 | 81.00 | 86.00 | OK |
Version: 0.1.5
Check: Rd cross-references
Result: NOTE
Found the following Rd file(s) with Rd \link{} targets missing package
anchors:
Colors.Rd: xts
rtsplot.Rd: xts
rtsplot.candle.Rd: xts
rtsplot.fake.stock.data.Rd: xts
rtsplot.hl.Rd: xts
rtsplot.lines.Rd: xts
rtsplot.matplot.Rd: xts
rtsplot.ohlc.Rd: xts
rtsplot.polygon.Rd: xts
rtsplot.scale.volume.Rd: xts
rtsplot.text.Rd: xts
rtsplot.volume.Rd: xts
rtsplot.x.highlight.Rd: xts
rtsplot2Y.Rd: xts
Please provide package anchors for all Rd \link{} targets not in the
package itself and the base packages.
Flavors: r-devel-linux-x86_64-debian-clang, r-devel-linux-x86_64-debian-gcc, r-devel-windows-x86_64
These binaries (installable software) and packages are in development.
They may not be fully stable and should be used with caution. We make no claims about them.