Last updated on 2025-02-16 08:50:59 CET.
Flavor | Version | Tinstall | Tcheck | Ttotal | Status | Flags |
---|---|---|---|---|---|---|
r-devel-linux-x86_64-debian-clang | 2.0.0 | 12.12 | 72.08 | 84.20 | NOTE | |
r-devel-linux-x86_64-debian-gcc | 2.0.0 | 6.90 | 49.26 | 56.16 | NOTE | |
r-devel-linux-x86_64-fedora-clang | 2.0.0 | 134.59 | NOTE | |||
r-devel-linux-x86_64-fedora-gcc | 2.0.0 | 140.42 | NOTE | |||
r-devel-macos-arm64 | 2.0.0 | 46.00 | OK | |||
r-devel-macos-x86_64 | 2.0.0 | 88.00 | NOTE | |||
r-devel-windows-x86_64 | 2.0.0 | 14.00 | 104.00 | 118.00 | NOTE | |
r-patched-linux-x86_64 | 2.0.0 | 14.95 | 66.96 | 81.91 | OK | |
r-release-linux-x86_64 | 2.0.0 | 11.45 | 67.75 | 79.20 | OK | |
r-release-macos-arm64 | 2.0.0 | 39.00 | OK | |||
r-release-macos-x86_64 | 2.0.0 | 66.00 | OK | |||
r-release-windows-x86_64 | 2.0.0 | 14.00 | 106.00 | 120.00 | OK | |
r-oldrel-macos-arm64 | 2.0.0 | 50.00 | OK | |||
r-oldrel-macos-x86_64 | 2.0.0 | 103.00 | OK | |||
r-oldrel-windows-x86_64 | 2.0.0 | 16.00 | 137.00 | 153.00 | OK |
Version: 2.0.0
Check: DESCRIPTION meta-information
Result: NOTE
Missing dependency on R >= 4.1.0 because package code uses the pipe
|> or function shorthand \(...) syntax added in R 4.1.0.
File(s) using such syntax:
‘auth.R’
Flavors: r-devel-linux-x86_64-debian-clang, r-devel-linux-x86_64-debian-gcc, r-devel-linux-x86_64-fedora-clang, r-devel-linux-x86_64-fedora-gcc, r-devel-macos-x86_64, r-devel-windows-x86_64
These binaries (installable software) and packages are in development.
They may not be fully stable and should be used with caution. We make no claims about them.