CRAN Package Check Results for Package rtypeform

Last updated on 2025-02-16 08:50:59 CET.

Flavor Version Tinstall Tcheck Ttotal Status Flags
r-devel-linux-x86_64-debian-clang 2.1.1 4.43 36.84 41.27 OK
r-devel-linux-x86_64-debian-gcc 2.1.1 2.86 26.58 29.44 OK
r-devel-linux-x86_64-fedora-clang 2.1.1 69.22 OK
r-devel-linux-x86_64-fedora-gcc 2.1.1 60.76 OK
r-devel-macos-arm64 2.1.1 18.00 OK
r-devel-macos-x86_64 2.1.1 35.00 OK
r-devel-windows-x86_64 2.1.1 7.00 66.00 73.00 OK
r-patched-linux-x86_64 2.1.1 4.22 33.62 37.84 OK
r-release-linux-x86_64 2.1.1 4.15 33.81 37.96 OK
r-release-macos-arm64 2.1.1 29.00 OK
r-release-macos-x86_64 2.1.1 42.00 OK
r-release-windows-x86_64 2.1.1 6.00 61.00 67.00 OK
r-oldrel-macos-arm64 2.1.0 27.00 NOTE
r-oldrel-macos-x86_64 2.1.1 42.00 OK
r-oldrel-windows-x86_64 2.1.1 6.00 69.00 75.00 OK

Check Details

Version: 2.1.0
Check: LazyData
Result: NOTE 'LazyData' is specified without a 'data' directory Flavor: r-oldrel-macos-arm64

These binaries (installable software) and packages are in development.
They may not be fully stable and should be used with caution. We make no claims about them.