Last updated on 2025-05-08 04:52:17 CEST.
Flavor | Version | Tinstall | Tcheck | Ttotal | Status | Flags |
---|---|---|---|---|---|---|
r-devel-linux-x86_64-debian-clang | 0.1.6 | 15.55 | 131.67 | 147.22 | OK | |
r-devel-linux-x86_64-debian-gcc | 0.1.6 | 11.42 | 88.94 | 100.36 | OK | |
r-devel-linux-x86_64-fedora-clang | 0.1.6 | 259.21 | OK | |||
r-devel-linux-x86_64-fedora-gcc | 0.1.6 | 276.27 | OK | |||
r-devel-windows-x86_64 | 0.1.6 | 19.00 | 178.00 | 197.00 | WARN | |
r-patched-linux-x86_64 | 0.1.6 | 16.90 | 126.70 | 143.60 | OK | |
r-release-linux-x86_64 | 0.1.6 | 16.04 | 127.80 | 143.84 | OK | |
r-release-macos-arm64 | 0.1.6 | 80.00 | OK | |||
r-release-macos-x86_64 | 0.1.6 | 185.00 | OK | |||
r-release-windows-x86_64 | 0.1.6 | 20.00 | 188.00 | 208.00 | OK | |
r-oldrel-macos-arm64 | 0.1.6 | 76.00 | OK | |||
r-oldrel-macos-x86_64 | 0.1.6 | 142.00 | OK | |||
r-oldrel-windows-x86_64 | 0.1.6 | 19.00 | 227.00 | 246.00 | OK |
Version: 0.1.6
Check: whether package can be installed
Result: WARN
Found the following significant warnings:
dtw_functions.cpp:93:17: warning: array subscript [-2147483647, -1] is outside array bounds of 'void []' [-Warray-bounds=]
See 'd:/Rcompile/CRANpkg/local/4.6/rucrdtw.Rcheck/00install.out' for details.
* used C++ compiler: 'g++.exe (GCC) 14.2.0'
Flavor: r-devel-windows-x86_64
These binaries (installable software) and packages are in development.
They may not be fully stable and should be used with caution. We make no claims about them.