Last updated on 2025-10-10 01:49:18 CEST.
Flavor | Version | Tinstall | Tcheck | Ttotal | Status | Flags |
---|---|---|---|---|---|---|
r-devel-linux-x86_64-debian-clang | 1.5-4 | 89.64 | 284.40 | 374.04 | OK | |
r-devel-linux-x86_64-debian-gcc | 1.5-4 | 53.01 | 174.17 | 227.18 | OK | |
r-devel-linux-x86_64-fedora-clang | 1.5-4 | 601.00 | OK | |||
r-devel-linux-x86_64-fedora-gcc | 1.5-4 | 589.20 | OK | |||
r-devel-windows-x86_64 | 1.5-4 | 94.00 | 282.00 | 376.00 | OK | |
r-patched-linux-x86_64 | 1.5-4 | 89.35 | 268.07 | 357.42 | OK | |
r-release-linux-x86_64 | 1.5-4 | 79.31 | 270.48 | 349.79 | OK | |
r-release-macos-arm64 | 1.5-4 | 141.00 | OK | |||
r-release-macos-x86_64 | 1.5-4 | 267.00 | OK | |||
r-release-windows-x86_64 | 1.5-4 | 89.00 | 277.00 | 366.00 | OK | |
r-oldrel-macos-arm64 | 1.5-4 | 141.00 | NOTE | |||
r-oldrel-macos-x86_64 | 1.5-4 | 254.00 | NOTE | |||
r-oldrel-windows-x86_64 | 1.5-4 | 125.00 | 362.00 | 487.00 | NOTE |
Version: 1.5-4
Check: installed package size
Result: NOTE
installed size is 7.7Mb
sub-directories of 1Mb or more:
R 3.0Mb
libs 2.5Mb
Flavors: r-oldrel-macos-arm64, r-oldrel-macos-x86_64, r-oldrel-windows-x86_64
These binaries (installable software) and packages are in development.
They may not be fully stable and should be used with caution. We make no claims about them.