Last updated on 2024-07-27 15:50:32 CEST.
Flavor | Version | Tinstall | Tcheck | Ttotal | Status | Flags |
---|---|---|---|---|---|---|
r-devel-linux-x86_64-debian-clang | 0.3.2 | 172.74 | 412.83 | 585.57 | OK | |
r-devel-linux-x86_64-debian-gcc | 0.3.2 | OK | ||||
r-devel-linux-x86_64-fedora-clang | 0.3.2 | 830.32 | OK | |||
r-devel-linux-x86_64-fedora-gcc | 0.3.2 | 862.34 | OK | |||
r-devel-windows-x86_64 | 0.3.2 | 146.00 | 345.00 | 491.00 | NOTE | |
r-patched-linux-x86_64 | 0.3.2 | OK | ||||
r-release-linux-x86_64 | 0.3.2 | 165.26 | 467.79 | 633.05 | OK | |
r-release-macos-arm64 | 0.3.2 | 204.00 | NOTE | |||
r-release-macos-x86_64 | 0.3.2 | 285.00 | NOTE | |||
r-release-windows-x86_64 | 0.3.2 | 184.00 | 343.00 | 527.00 | NOTE | |
r-oldrel-macos-arm64 | 0.3.2 | 324.00 | NOTE | |||
r-oldrel-macos-x86_64 | 0.3.2 | 607.00 | NOTE | |||
r-oldrel-windows-x86_64 | 0.3.2 | 133.00 | 365.00 | 498.00 | NOTE |
Version: 0.3.2
Check: installed package size
Result: NOTE
installed size is 5.7Mb
sub-directories of 1Mb or more:
data 3.8Mb
libs 1.4Mb
Flavors: r-devel-windows-x86_64, r-release-macos-arm64, r-release-macos-x86_64, r-release-windows-x86_64, r-oldrel-macos-arm64, r-oldrel-macos-x86_64, r-oldrel-windows-x86_64
These binaries (installable software) and packages are in development.
They may not be fully stable and should be used with caution. We make no claims about them.