Last updated on 2025-02-21 15:52:03 CET.
Flavor | Version | Tinstall | Tcheck | Ttotal | Status | Flags |
---|---|---|---|---|---|---|
r-devel-linux-x86_64-debian-clang | 0.1.1 | 3.69 | 54.42 | 58.11 | NOTE | |
r-devel-linux-x86_64-debian-gcc | 0.1.1 | 2.36 | 35.73 | 38.09 | NOTE | |
r-devel-linux-x86_64-fedora-clang | 0.1.1 | 93.58 | OK | |||
r-devel-linux-x86_64-fedora-gcc | 0.1.1 | 105.21 | OK | |||
r-devel-macos-arm64 | 0.1.1 | 35.00 | OK | |||
r-devel-macos-x86_64 | 0.1.1 | 69.00 | OK | |||
r-devel-windows-x86_64 | 0.1.1 | 5.00 | 72.00 | 77.00 | NOTE | |
r-patched-linux-x86_64 | 0.1.1 | 8.05 | 50.93 | 58.98 | NOTE | |
r-release-linux-x86_64 | 0.1.1 | 2.82 | 50.86 | 53.68 | NOTE | |
r-release-macos-arm64 | 0.1.1 | 33.00 | NOTE | |||
r-release-macos-x86_64 | 0.1.1 | 53.00 | NOTE | |||
r-release-windows-x86_64 | 0.1.1 | 6.00 | 71.00 | 77.00 | NOTE | |
r-oldrel-macos-arm64 | 0.1.1 | 34.00 | NOTE | |||
r-oldrel-macos-x86_64 | 0.1.1 | 55.00 | NOTE | |||
r-oldrel-windows-x86_64 | 0.1.1 | 6.00 | 80.00 | 86.00 | NOTE |
Version: 0.1.1
Check: Rd cross-references
Result: NOTE
Found the following Rd file(s) with Rd \link{} targets missing package
anchors:
plot_path.Rd: ggplot2
Please provide package anchors for all Rd \link{} targets not in the
package itself and the base packages.
Flavors: r-devel-linux-x86_64-debian-clang, r-devel-linux-x86_64-debian-gcc, r-devel-windows-x86_64
Version: 0.1.1
Check: LazyData
Result: NOTE
'LazyData' is specified without a 'data' directory
Flavors: r-patched-linux-x86_64, r-release-linux-x86_64, r-release-macos-arm64, r-release-macos-x86_64, r-release-windows-x86_64, r-oldrel-macos-arm64, r-oldrel-macos-x86_64, r-oldrel-windows-x86_64
These binaries (installable software) and packages are in development.
They may not be fully stable and should be used with caution. We make no claims about them.