Last updated on 2025-05-21 23:48:55 CEST.
Flavor | Version | Tinstall | Tcheck | Ttotal | Status | Flags |
---|---|---|---|---|---|---|
r-devel-linux-x86_64-debian-clang | 0.3.0 | 4.15 | 59.29 | 63.44 | NOTE | |
r-devel-linux-x86_64-debian-gcc | 0.3.0 | 3.06 | 42.00 | 45.06 | NOTE | |
r-devel-linux-x86_64-fedora-clang | 0.3.0 | 97.25 | NOTE | |||
r-devel-linux-x86_64-fedora-gcc | 0.3.0 | 107.01 | NOTE | |||
r-devel-windows-x86_64 | 0.3.0 | 6.00 | 85.00 | 91.00 | NOTE | |
r-patched-linux-x86_64 | 0.3.0 | 3.97 | 53.07 | 57.04 | NOTE | |
r-release-linux-x86_64 | 0.3.0 | 3.83 | 53.48 | 57.31 | NOTE | |
r-release-macos-arm64 | 0.3.0 | 41.00 | NOTE | |||
r-release-macos-x86_64 | 0.3.0 | 75.00 | NOTE | |||
r-release-windows-x86_64 | 0.3.0 | 6.00 | 92.00 | 98.00 | NOTE | |
r-oldrel-macos-arm64 | 0.3.0 | 38.00 | NOTE | |||
r-oldrel-macos-x86_64 | 0.3.0 | 99.00 | NOTE | |||
r-oldrel-windows-x86_64 | 0.3.0 | 8.00 | 88.00 | 96.00 | NOTE |
Version: 0.3.0
Check: Rd files
Result: NOTE
checkRd: (-1) rules.Rd:24: Lost braces; missing escapes or markup?
24 | \item Absent names are replaced with the 'rule__\\{ind\\}' where \\{ind\\} is the
| ^
checkRd: (-1) rules.Rd:24: Lost braces; missing escapes or markup?
24 | \item Absent names are replaced with the 'rule__\\{ind\\}' where \\{ind\\} is the
| ^
Flavors: r-devel-linux-x86_64-debian-clang, r-devel-linux-x86_64-debian-gcc, r-devel-linux-x86_64-fedora-clang, r-devel-linux-x86_64-fedora-gcc, r-devel-windows-x86_64, r-patched-linux-x86_64, r-release-linux-x86_64, r-release-macos-arm64, r-release-macos-x86_64, r-release-windows-x86_64, r-oldrel-macos-arm64, r-oldrel-macos-x86_64, r-oldrel-windows-x86_64
These binaries (installable software) and packages are in development.
They may not be fully stable and should be used with caution. We make no claims about them.