Last updated on 2025-02-16 08:50:59 CET.
Flavor | Version | Tinstall | Tcheck | Ttotal | Status | Flags |
---|---|---|---|---|---|---|
r-devel-linux-x86_64-debian-clang | 0.3.0 | 5.12 | 60.48 | 65.60 | NOTE | |
r-devel-linux-x86_64-debian-gcc | 0.3.0 | 3.26 | 42.49 | 45.75 | NOTE | |
r-devel-linux-x86_64-fedora-clang | 0.3.0 | 105.00 | NOTE | |||
r-devel-linux-x86_64-fedora-gcc | 0.3.0 | 110.58 | NOTE | |||
r-devel-macos-arm64 | 0.3.0 | 45.00 | NOTE | |||
r-devel-macos-x86_64 | 0.3.0 | 75.00 | NOTE | |||
r-devel-windows-x86_64 | 0.3.0 | 6.00 | 80.00 | 86.00 | NOTE | |
r-patched-linux-x86_64 | 0.3.0 | 5.02 | 55.65 | 60.67 | NOTE | |
r-release-linux-x86_64 | 0.3.0 | 4.49 | 56.54 | 61.03 | NOTE | |
r-release-macos-arm64 | 0.3.0 | 38.00 | NOTE | |||
r-release-macos-x86_64 | 0.3.0 | 99.00 | NOTE | |||
r-release-windows-x86_64 | 0.3.0 | 6.00 | 81.00 | 87.00 | NOTE | |
r-oldrel-macos-arm64 | 0.3.0 | 39.00 | OK | |||
r-oldrel-macos-x86_64 | 0.3.0 | 59.00 | OK | |||
r-oldrel-windows-x86_64 | 0.3.0 | 7.00 | 93.00 | 100.00 | OK |
Version: 0.3.0
Check: Rd files
Result: NOTE
checkRd: (-1) rules.Rd:24: Lost braces; missing escapes or markup?
24 | \item Absent names are replaced with the 'rule__\\{ind\\}' where \\{ind\\} is the
| ^
checkRd: (-1) rules.Rd:24: Lost braces; missing escapes or markup?
24 | \item Absent names are replaced with the 'rule__\\{ind\\}' where \\{ind\\} is the
| ^
Flavors: r-devel-linux-x86_64-debian-clang, r-devel-linux-x86_64-debian-gcc, r-devel-linux-x86_64-fedora-clang, r-devel-linux-x86_64-fedora-gcc, r-devel-macos-arm64, r-devel-macos-x86_64, r-devel-windows-x86_64, r-patched-linux-x86_64, r-release-linux-x86_64, r-release-macos-arm64, r-release-macos-x86_64, r-release-windows-x86_64
These binaries (installable software) and packages are in development.
They may not be fully stable and should be used with caution. We make no claims about them.