Last updated on 2024-07-27 15:50:32 CEST.
Flavor | Version | Tinstall | Tcheck | Ttotal | Status | Flags |
---|---|---|---|---|---|---|
r-devel-linux-x86_64-debian-clang | 0.3.0 | 6.73 | 71.91 | 78.64 | NOTE | |
r-devel-linux-x86_64-debian-gcc | 0.3.0 | NOTE | ||||
r-devel-linux-x86_64-fedora-clang | 0.3.0 | 98.67 | NOTE | |||
r-devel-linux-x86_64-fedora-gcc | 0.3.0 | 102.63 | NOTE | |||
r-devel-windows-x86_64 | 0.3.0 | 7.00 | 77.00 | 84.00 | NOTE | |
r-patched-linux-x86_64 | 0.3.0 | NOTE | ||||
r-release-linux-x86_64 | 0.3.0 | 3.37 | 68.67 | 72.04 | NOTE | |
r-release-macos-arm64 | 0.3.0 | 38.00 | NOTE | |||
r-release-macos-x86_64 | 0.3.0 | 99.00 | NOTE | |||
r-release-windows-x86_64 | 0.3.0 | 6.00 | 76.00 | 82.00 | NOTE | |
r-oldrel-macos-arm64 | 0.3.0 | 39.00 | OK | |||
r-oldrel-macos-x86_64 | 0.3.0 | 59.00 | OK | |||
r-oldrel-windows-x86_64 | 0.3.0 | 8.00 | 83.00 | 91.00 | OK |
Version: 0.3.0
Check: Rd files
Result: NOTE
checkRd: (-1) rules.Rd:24: Lost braces; missing escapes or markup?
24 | \item Absent names are replaced with the 'rule__\\{ind\\}' where \\{ind\\} is the
| ^
checkRd: (-1) rules.Rd:24: Lost braces; missing escapes or markup?
24 | \item Absent names are replaced with the 'rule__\\{ind\\}' where \\{ind\\} is the
| ^
Flavors: r-devel-linux-x86_64-debian-clang, r-devel-linux-x86_64-debian-gcc, r-devel-linux-x86_64-fedora-clang, r-devel-linux-x86_64-fedora-gcc, r-devel-windows-x86_64, r-patched-linux-x86_64, r-release-linux-x86_64, r-release-macos-arm64, r-release-macos-x86_64, r-release-windows-x86_64
These binaries (installable software) and packages are in development.
They may not be fully stable and should be used with caution. We make no claims about them.