Last updated on 2025-05-01 12:49:40 CEST.
Flavor | Version | Tinstall | Tcheck | Ttotal | Status | Flags |
---|---|---|---|---|---|---|
r-devel-linux-x86_64-debian-clang | 0.3.1 | 21.81 | 317.84 | 339.65 | NOTE | |
r-devel-linux-x86_64-debian-gcc | 0.3.1 | 15.25 | 208.65 | 223.90 | OK | |
r-devel-linux-x86_64-fedora-clang | 0.3.1 | 485.02 | OK | |||
r-devel-linux-x86_64-fedora-gcc | 0.3.1 | 524.11 | OK | |||
r-devel-windows-x86_64 | 0.3.1 | 26.00 | 327.00 | 353.00 | OK | |
r-patched-linux-x86_64 | 0.3.1 | 21.73 | 303.90 | 325.63 | OK | |
r-release-linux-x86_64 | OK | |||||
r-release-macos-arm64 | 0.3.1 | 154.00 | OK | |||
r-release-macos-x86_64 | 0.3.1 | 487.00 | OK | |||
r-release-windows-x86_64 | 0.3.1 | 26.00 | 333.00 | 359.00 | OK | |
r-oldrel-macos-arm64 | 0.3.1 | 154.00 | OK | |||
r-oldrel-macos-x86_64 | 0.3.1 | 214.00 | OK | |||
r-oldrel-windows-x86_64 | 0.3.1 | 31.00 | 438.00 | 469.00 | OK |
Version: 0.3.1
Check: examples
Result: NOTE
Examples with CPU (user + system) or elapsed time > 5s
user system elapsed
NCA_fetch_current_obj 6.924 0.088 9.000
mk_figure_ind_obs 6.944 0.050 8.496
mk_table_ind_obs 6.573 0.027 8.318
run_nca_components 5.747 0.039 7.051
NCA_append_report 5.540 0.170 7.992
NCA_fetch_ana_ds 5.576 0.102 8.629
NCA_fetch_state 5.613 0.036 7.561
mk_table_nca_params 5.594 0.036 7.163
NCA_set_current_ana 5.420 0.051 6.949
NCA_fetch_ana_pknca 5.380 0.090 7.030
NCA_mk_preload 5.360 0.036 6.866
NCA_find_col 5.302 0.039 6.462
NCA_fetch_current_ana 5.274 0.044 8.110
NCA_fetch_ds 5.209 0.072 6.839
NCA_process_current_ana 5.229 0.040 6.655
NCA_new_ana 5.166 0.099 6.461
NCA_fetch_code 5.135 0.089 6.544
NCA_mkactive_ana 5.081 0.019 6.609
nca_builder 5.025 0.024 6.039
NCA_test_mksession 4.960 0.067 6.050
Flavor: r-devel-linux-x86_64-debian-clang
These binaries (installable software) and packages are in development.
They may not be fully stable and should be used with caution. We make no claims about them.