CRAN Package Check Results for Package runes

Last updated on 2025-07-01 15:50:01 CEST.

Flavor Version Tinstall Tcheck Ttotal Status Flags
r-devel-linux-x86_64-debian-clang 0.1.0 1.93 18.96 20.89 NOTE
r-devel-linux-x86_64-debian-gcc 0.1.0 1.51 15.69 17.20 NOTE
r-devel-linux-x86_64-fedora-clang 0.1.0 32.67 OK
r-devel-linux-x86_64-fedora-gcc 0.1.0 31.79 OK
r-devel-windows-x86_64 0.1.0 2.00 40.00 42.00 OK
r-patched-linux-x86_64 OK
r-release-linux-x86_64 0.1.0 1.84 18.17 20.01 OK
r-release-macos-arm64 0.1.0 16.00 OK
r-release-macos-x86_64 0.1.0 27.00 OK
r-release-windows-x86_64 0.1.0 4.00 41.00 45.00 OK
r-oldrel-macos-arm64 0.1.0 16.00 NOTE
r-oldrel-macos-x86_64 0.1.0 26.00 NOTE
r-oldrel-windows-x86_64 0.1.0 4.00 44.00 48.00 NOTE

Check Details

Version: 0.1.0
Check: CRAN incoming feasibility
Result: NOTE Maintainer: ‘Bryan Jenks <bryanjenks@protonmail.com>’ The BugReports field in DESCRIPTION has https://github.com/tallguyjenks/runes which should likely be https://github.com/tallguyjenks/runes/issues instead. Flavors: r-devel-linux-x86_64-debian-clang, r-devel-linux-x86_64-debian-gcc

Version: 0.1.0
Check: LazyData
Result: NOTE 'LazyData' is specified without a 'data' directory Flavors: r-oldrel-macos-arm64, r-oldrel-macos-x86_64, r-oldrel-windows-x86_64

These binaries (installable software) and packages are in development.
They may not be fully stable and should be used with caution. We make no claims about them.