CRAN Package Check Results for Package runexp

Last updated on 2025-07-02 03:50:51 CEST.

Flavor Version Tinstall Tcheck Ttotal Status Flags
r-devel-linux-x86_64-debian-clang 0.2.1 2.64 30.09 32.73 OK
r-devel-linux-x86_64-debian-gcc 0.2.1 2.05 23.15 25.20 OK
r-devel-linux-x86_64-fedora-clang 0.2.1 51.91 OK
r-devel-linux-x86_64-fedora-gcc 0.2.1 50.68 OK
r-devel-windows-x86_64 0.2.1 4.00 51.00 55.00 OK
r-patched-linux-x86_64 ERROR
r-release-linux-x86_64 0.2.1 2.45 28.65 31.10 OK
r-release-macos-arm64 0.2.1 33.00 OK
r-release-macos-x86_64 0.2.1 38.00 OK
r-release-windows-x86_64 0.2.1 4.00 54.00 58.00 OK
r-oldrel-macos-arm64 0.2.1 28.00 OK
r-oldrel-macos-x86_64 0.2.1 47.00 OK
r-oldrel-windows-x86_64 0.2.1 5.00 90.00 95.00 OK

Check Details

Version: 0.2.1
Check: examples
Result: ERROR Running examples in ‘runexp-Ex.R’ failed The error most likely occurred in: > base::assign(".ptime", proc.time(), pos = "CheckExEnv") > ### Name: scrape > ### Title: Softball Webscraper > ### Aliases: scrape > > ### ** Examples > > url <-"https://wmubroncos.com/sports/softball/stats/2019" > test <- scrape(url) Error in open.connection(x, "rb") : cannot open the connection Calls: scrape -> <Anonymous> -> read_html.default Execution halted Flavor: r-patched-linux-x86_64

These binaries (installable software) and packages are in development.
They may not be fully stable and should be used with caution. We make no claims about them.