Last updated on 2025-02-07 08:51:34 CET.
Flavor | Version | Tinstall | Tcheck | Ttotal | Status | Flags |
---|---|---|---|---|---|---|
r-devel-linux-x86_64-debian-clang | 2.2.2-4 | 30.57 | 202.93 | 233.50 | NOTE | |
r-devel-linux-x86_64-debian-gcc | 2.2.2-4 | 20.99 | 136.18 | 157.17 | NOTE | |
r-devel-linux-x86_64-fedora-clang | 2.2.2-4 | 407.65 | NOTE | |||
r-devel-linux-x86_64-fedora-gcc | 2.2.2-4 | 460.59 | NOTE | |||
r-devel-windows-x86_64 | 2.2.2-4 | 43.00 | 89.00 | 132.00 | OK | --no-examples --no-tests --no-vignettes |
r-patched-linux-x86_64 | 2.2.2-4 | 27.67 | 195.53 | 223.20 | OK | |
r-release-linux-x86_64 | 2.2.2-4 | 28.38 | 193.65 | 222.03 | OK | |
r-release-macos-arm64 | 2.2.2-4 | 209.00 | OK | |||
r-release-macos-x86_64 | 2.2.2-4 | 463.00 | OK | |||
r-release-windows-x86_64 | 2.2.2-4 | 42.00 | 86.00 | 128.00 | OK | --no-examples --no-tests --no-vignettes |
r-oldrel-macos-arm64 | 2.2.2-4 | 216.00 | OK | |||
r-oldrel-macos-x86_64 | 2.2.2-4 | 483.00 | OK | |||
r-oldrel-windows-x86_64 | 2.2.2-4 | 55.00 | 91.00 | 146.00 | OK | --no-examples --no-tests --no-vignettes |
Version: 2.2.2-4
Check: top-level files
Result: NOTE
possible bashism in configure.ac line 34 (test -a/-o):
if test [ -z "${JAGS_LIBS}" -a -z "${JAGS_CFLAGS}" ] ; then
Flavors: r-devel-linux-x86_64-debian-clang, r-devel-linux-x86_64-debian-gcc, r-devel-linux-x86_64-fedora-clang, r-devel-linux-x86_64-fedora-gcc
These binaries (installable software) and packages are in development.
They may not be fully stable and should be used with caution. We make no claims about them.