Last updated on 2025-07-19 21:49:48 CEST.
Flavor | Version | Tinstall | Tcheck | Ttotal | Status | Flags |
---|---|---|---|---|---|---|
r-devel-linux-x86_64-debian-clang | 0.4.4 | 52.98 | 40.51 | 93.49 | OK | |
r-devel-linux-x86_64-debian-gcc | 0.4.4 | 31.13 | 32.37 | 63.50 | OK | |
r-devel-linux-x86_64-fedora-clang | 0.4.4 | 138.60 | OK | |||
r-devel-linux-x86_64-fedora-gcc | 0.4.4 | 155.60 | OK | |||
r-devel-windows-x86_64 | 0.4.4 | 45.00 | 87.00 | 132.00 | OK | |
r-patched-linux-x86_64 | 0.4.4 | 40.79 | 37.69 | 78.48 | OK | |
r-release-linux-x86_64 | 0.4.4 | 41.50 | 37.57 | 79.07 | OK | |
r-release-macos-arm64 | 0.4.4 | 59.00 | OK | |||
r-release-macos-x86_64 | 0.4.4 | 85.00 | OK | |||
r-release-windows-x86_64 | 0.4.4 | 46.00 | 87.00 | 133.00 | OK | |
r-oldrel-macos-arm64 | 0.4.4 | 60.00 | NOTE | |||
r-oldrel-macos-x86_64 | 0.4.4 | 75.00 | OK | |||
r-oldrel-windows-x86_64 | 0.4.4 | 48.00 | 97.00 | 145.00 | OK |
Version: 0.4.4
Check: installed package size
Result: NOTE
installed size is 6.3Mb
sub-directories of 1Mb or more:
libs 5.2Mb
Flavor: r-oldrel-macos-arm64
These binaries (installable software) and packages are in development.
They may not be fully stable and should be used with caution. We make no claims about them.