CRAN Package Check Results for Package runner

Last updated on 2025-10-23 17:51:01 CEST.

Flavor Version Tinstall Tcheck Ttotal Status Flags
r-devel-linux-x86_64-debian-clang 0.4.4 53.15 42.10 95.25 NOTE
r-devel-linux-x86_64-debian-gcc 0.4.4 30.54 33.25 63.79 NOTE
r-devel-linux-x86_64-fedora-clang 0.4.4 145.00 6.04 151.04 NOTE
r-devel-linux-x86_64-fedora-gcc 0.4.4 180.00 -12.93 167.07 NOTE
r-devel-windows-x86_64 0.4.4 40.00 84.00 124.00 OK
r-patched-linux-x86_64 0.4.4 38.22 39.41 77.63 OK
r-release-linux-x86_64 0.4.4 38.55 39.64 78.19 OK
r-release-macos-arm64 0.4.4 23.00 36.00 59.00 OK
r-release-macos-x86_64 0.4.4 19.00 66.00 85.00 OK
r-release-windows-x86_64 0.4.4 41.00 83.00 124.00 OK
r-oldrel-macos-arm64 0.4.4 22.00 38.00 60.00 NOTE
r-oldrel-macos-x86_64 0.4.4 20.00 55.00 75.00 OK
r-oldrel-windows-x86_64 0.4.4 49.00 100.00 149.00 OK

Check Details

Version: 0.4.4
Check: HTML version of manual
Result: NOTE Found the following HTML validation problems: dot-seq_at.html:50:1 (dot-seq_at.Rd:12): Warning: missing </ul> before </div> Flavor: r-devel-linux-x86_64-debian-clang

Version: 0.4.4
Check: Rd files
Result: NOTE checkRd: (-1) runner.Rd:163: height/width attributes should be in pixels checkRd: (-1) runner.Rd:169: height/width attributes should be in pixels checkRd: (-1) runner.Rd:178: height/width attributes should be in pixels checkRd: (-1) runner.Rd:189: height/width attributes should be in pixels Flavors: r-devel-linux-x86_64-debian-gcc, r-devel-linux-x86_64-fedora-clang, r-devel-linux-x86_64-fedora-gcc

Version: 0.4.4
Check: installed package size
Result: NOTE installed size is 6.3Mb sub-directories of 1Mb or more: libs 5.2Mb Flavor: r-oldrel-macos-arm64

These binaries (installable software) and packages are in development.
They may not be fully stable and should be used with caution. We make no claims about them.