Last updated on 2025-05-21 21:49:29 CEST.
Flavor | Version | Tinstall | Tcheck | Ttotal | Status | Flags |
---|---|---|---|---|---|---|
r-devel-linux-x86_64-debian-clang | 0.4.4 | 51.88 | 40.33 | 92.21 | OK | |
r-devel-linux-x86_64-debian-gcc | 0.4.4 | 31.50 | 31.26 | 62.76 | OK | |
r-devel-linux-x86_64-fedora-clang | 0.4.4 | 139.90 | OK | |||
r-devel-linux-x86_64-fedora-gcc | 0.4.4 | 172.45 | OK | |||
r-devel-windows-x86_64 | 0.4.4 | 44.00 | 93.00 | 137.00 | OK | |
r-patched-linux-x86_64 | 0.4.4 | 39.60 | 37.60 | 77.20 | OK | |
r-release-linux-x86_64 | 0.4.4 | 38.87 | 37.90 | 76.77 | OK | |
r-release-macos-arm64 | 0.4.4 | 59.00 | OK | |||
r-release-macos-x86_64 | 0.4.4 | 85.00 | OK | |||
r-release-windows-x86_64 | 0.4.4 | 44.00 | 96.00 | 140.00 | OK | |
r-oldrel-macos-arm64 | 0.4.4 | 60.00 | NOTE | |||
r-oldrel-macos-x86_64 | 0.4.4 | 75.00 | OK | |||
r-oldrel-windows-x86_64 | 0.4.4 | 49.00 | 101.00 | 150.00 | OK |
Version: 0.4.4
Check: installed package size
Result: NOTE
installed size is 6.3Mb
sub-directories of 1Mb or more:
libs 5.2Mb
Flavor: r-oldrel-macos-arm64
These binaries (installable software) and packages are in development.
They may not be fully stable and should be used with caution. We make no claims about them.