CRAN Package Check Results for Package rusk

Last updated on 2025-07-05 03:48:48 CEST.

Flavor Version Tinstall Tcheck Ttotal Status Flags
r-devel-linux-x86_64-debian-clang 0.1.1 5.73 50.71 56.44 OK
r-devel-linux-x86_64-debian-gcc 0.1.1 3.70 35.67 39.37 OK
r-devel-linux-x86_64-fedora-clang 0.1.1 87.24 OK
r-devel-linux-x86_64-fedora-gcc 0.1.1 83.25 OK
r-devel-windows-x86_64 0.1.1 8.00 64.00 72.00 OK
r-patched-linux-x86_64 0.1.1 5.37 46.22 51.59 OK
r-release-linux-x86_64 0.1.1 4.93 46.52 51.45 OK
r-release-macos-arm64 0.1.1 27.00 OK
r-release-macos-x86_64 0.1.1 47.00 OK
r-release-windows-x86_64 0.1.1 7.00 62.00 69.00 OK
r-oldrel-macos-arm64 0.1.1 27.00 NOTE
r-oldrel-macos-x86_64 0.1.1 63.00 NOTE
r-oldrel-windows-x86_64 0.1.1 9.00 73.00 82.00 NOTE

Check Details

Version: 0.1.1
Check: LazyData
Result: NOTE 'LazyData' is specified without a 'data' directory Flavors: r-oldrel-macos-arm64, r-oldrel-macos-x86_64, r-oldrel-windows-x86_64

These binaries (installable software) and packages are in development.
They may not be fully stable and should be used with caution. We make no claims about them.