CRAN Package Check Results for Package rust

Last updated on 2025-05-01 08:52:45 CEST.

Flavor Version Tinstall Tcheck Ttotal Status Flags
r-devel-linux-x86_64-debian-clang 1.4.3 40.14 206.81 246.95 NOTE
r-devel-linux-x86_64-debian-gcc 1.4.3 30.08 118.33 148.41 OK
r-devel-linux-x86_64-fedora-clang 1.4.3 443.63 OK
r-devel-linux-x86_64-fedora-gcc 1.4.3 407.91 OK
r-devel-windows-x86_64 1.4.3 44.00 216.00 260.00 OK
r-patched-linux-x86_64 1.4.3 42.19 188.09 230.28 OK
r-release-linux-x86_64 OK
r-release-macos-arm64 1.4.3 106.00 OK
r-release-macos-x86_64 1.4.3 192.00 OK
r-release-windows-x86_64 1.4.3 44.00 216.00 260.00 OK
r-oldrel-macos-arm64 1.4.3 89.00 OK
r-oldrel-macos-x86_64 1.4.3 316.00 OK
r-oldrel-windows-x86_64 1.4.3 46.00 276.00 322.00 OK

Check Details

Version: 1.4.3
Check: examples
Result: NOTE Examples with CPU (user + system) or elapsed time > 5s user system elapsed ru 4.232 0.035 5.656 Flavor: r-devel-linux-x86_64-debian-clang

These binaries (installable software) and packages are in development.
They may not be fully stable and should be used with caution. We make no claims about them.