CRAN Package Check Results for Package ruv

Last updated on 2025-05-01 15:49:44 CEST.

Flavor Version Tinstall Tcheck Ttotal Status Flags
r-devel-linux-x86_64-debian-clang 0.9.7.1 10.37 62.27 72.64 NOTE
r-devel-linux-x86_64-debian-gcc 0.9.7.1 6.04 44.10 50.14 NOTE
r-devel-linux-x86_64-fedora-clang 0.9.7.1 111.45 NOTE
r-devel-linux-x86_64-fedora-gcc 0.9.7.1 101.19 NOTE
r-devel-windows-x86_64 0.9.7.1 16.00 84.00 100.00 NOTE
r-patched-linux-x86_64 0.9.7.1 9.14 58.75 67.89 NOTE
r-release-linux-x86_64 NOTE
r-release-macos-arm64 0.9.7.1 32.00 NOTE
r-release-macos-x86_64 0.9.7.1 56.00 NOTE
r-release-windows-x86_64 0.9.7.1 16.00 87.00 103.00 NOTE
r-oldrel-macos-arm64 0.9.7.1 32.00 NOTE
r-oldrel-macos-x86_64 0.9.7.1 47.00 NOTE
r-oldrel-windows-x86_64 0.9.7.1 18.00 91.00 109.00 NOTE

Check Details

Version: 0.9.7.1
Check: CRAN incoming feasibility
Result: NOTE Maintainer: ‘Johann Gagnon-Bartsch <johanngb@umich.edu>’ No Authors@R field in DESCRIPTION. Please add one, modifying Authors@R: person(given = "Johann", family = "Gagnon-Bartsch", role = c("aut", "cre"), email = "johanngb@umich.edu") as necessary. Flavors: r-devel-linux-x86_64-debian-clang, r-devel-linux-x86_64-debian-gcc

Version: 0.9.7.1
Check: Rd files
Result: NOTE checkRd: (-1) RUVIII.Rd:51: Lost braces 51 | If code{return.info} is \code{TRUE}, a list is returned that contains: | ^ Flavors: r-devel-linux-x86_64-debian-clang, r-devel-linux-x86_64-debian-gcc, r-devel-linux-x86_64-fedora-clang, r-devel-linux-x86_64-fedora-gcc, r-devel-windows-x86_64, r-patched-linux-x86_64, r-release-linux-x86_64, r-release-macos-arm64, r-release-macos-x86_64, r-release-windows-x86_64, r-oldrel-macos-arm64, r-oldrel-macos-x86_64, r-oldrel-windows-x86_64

These binaries (installable software) and packages are in development.
They may not be fully stable and should be used with caution. We make no claims about them.