CRAN Package Check Results for Package rvalues

Last updated on 2025-07-01 11:49:29 CEST.

Flavor Version Tinstall Tcheck Ttotal Status Flags
r-devel-linux-x86_64-debian-clang 0.7.1 6.17 37.69 43.86 NOTE
r-devel-linux-x86_64-debian-gcc 0.7.1 4.25 27.30 31.55 NOTE
r-devel-linux-x86_64-fedora-clang 0.7.1 66.23 NOTE
r-devel-linux-x86_64-fedora-gcc 0.7.1 64.40 NOTE
r-devel-windows-x86_64 0.7.1 9.00 64.00 73.00 NOTE
r-patched-linux-x86_64 NOTE
r-release-linux-x86_64 0.7.1 5.74 35.27 41.01 NOTE
r-release-macos-arm64 0.7.1 27.00 NOTE
r-release-macos-x86_64 0.7.1 41.00 NOTE
r-release-windows-x86_64 0.7.1 10.00 68.00 78.00 NOTE
r-oldrel-macos-arm64 0.7.1 27.00 NOTE
r-oldrel-macos-x86_64 0.7.1 34.00 NOTE
r-oldrel-windows-x86_64 0.7.1 10.00 63.00 73.00 NOTE

Check Details

Version: 0.7.1
Check: Rd files
Result: NOTE checkRd: (-1) Valpha.Rd:15: Lost braces; missing escapes or markup? 15 | \item{V}{a numeric vector with (i,j) entry: V[i,j] = P(theta_{i} >= theta[alpha_{j}]|data) } | ^ checkRd: (-1) Valpha.Rd:15: Lost braces; missing escapes or markup? 15 | \item{V}{a numeric vector with (i,j) entry: V[i,j] = P(theta_{i} >= theta[alpha_{j}]|data) } | ^ Flavors: r-devel-linux-x86_64-debian-clang, r-devel-linux-x86_64-debian-gcc, r-devel-linux-x86_64-fedora-clang, r-devel-linux-x86_64-fedora-gcc, r-devel-windows-x86_64, r-patched-linux-x86_64, r-release-linux-x86_64, r-release-macos-arm64, r-release-macos-x86_64, r-release-windows-x86_64, r-oldrel-macos-arm64, r-oldrel-macos-x86_64, r-oldrel-windows-x86_64

These binaries (installable software) and packages are in development.
They may not be fully stable and should be used with caution. We make no claims about them.