Last updated on 2025-02-16 08:50:59 CET.
Flavor | Version | Tinstall | Tcheck | Ttotal | Status | Flags |
---|---|---|---|---|---|---|
r-devel-linux-x86_64-debian-clang | 0.7.1 | 6.17 | 36.49 | 42.66 | NOTE | |
r-devel-linux-x86_64-debian-gcc | 0.7.1 | 4.31 | 25.95 | 30.26 | NOTE | |
r-devel-linux-x86_64-fedora-clang | 0.7.1 | 67.47 | NOTE | |||
r-devel-linux-x86_64-fedora-gcc | 0.7.1 | 63.37 | NOTE | |||
r-devel-macos-arm64 | 0.7.1 | 25.00 | NOTE | |||
r-devel-macos-x86_64 | 0.7.1 | 41.00 | NOTE | |||
r-devel-windows-x86_64 | 0.7.1 | 10.00 | 66.00 | 76.00 | NOTE | |
r-patched-linux-x86_64 | 0.7.1 | 6.15 | 34.04 | 40.19 | NOTE | |
r-release-linux-x86_64 | 0.7.1 | 5.33 | 33.83 | 39.16 | NOTE | |
r-release-macos-arm64 | 0.7.1 | 27.00 | NOTE | |||
r-release-macos-x86_64 | 0.7.1 | 34.00 | NOTE | |||
r-release-windows-x86_64 | 0.7.1 | 10.00 | 63.00 | 73.00 | NOTE | |
r-oldrel-macos-arm64 | 0.7.1 | 31.00 | OK | |||
r-oldrel-macos-x86_64 | 0.7.1 | 36.00 | OK | |||
r-oldrel-windows-x86_64 | 0.7.1 | 12.00 | 68.00 | 80.00 | OK |
Version: 0.7.1
Check: Rd files
Result: NOTE
checkRd: (-1) Valpha.Rd:15: Lost braces; missing escapes or markup?
15 | \item{V}{a numeric vector with (i,j) entry: V[i,j] = P(theta_{i} >= theta[alpha_{j}]|data) }
| ^
checkRd: (-1) Valpha.Rd:15: Lost braces; missing escapes or markup?
15 | \item{V}{a numeric vector with (i,j) entry: V[i,j] = P(theta_{i} >= theta[alpha_{j}]|data) }
| ^
Flavors: r-devel-linux-x86_64-debian-clang, r-devel-linux-x86_64-debian-gcc, r-devel-linux-x86_64-fedora-clang, r-devel-linux-x86_64-fedora-gcc, r-devel-macos-arm64, r-devel-macos-x86_64, r-devel-windows-x86_64, r-patched-linux-x86_64, r-release-linux-x86_64, r-release-macos-arm64, r-release-macos-x86_64, r-release-windows-x86_64
These binaries (installable software) and packages are in development.
They may not be fully stable and should be used with caution. We make no claims about them.