CRAN Package Check Results for Package rvest

Last updated on 2025-07-24 01:50:35 CEST.

Flavor Version Tinstall Tcheck Ttotal Status Flags
r-devel-linux-x86_64-debian-clang 1.0.4 5.59 66.39 71.98 NOTE
r-devel-linux-x86_64-debian-gcc 1.0.4 3.51 50.28 53.79 NOTE
r-devel-linux-x86_64-fedora-clang 1.0.4 110.76 OK
r-devel-linux-x86_64-fedora-gcc 1.0.4 119.78 OK
r-devel-windows-x86_64 1.0.4 7.00 82.00 89.00 OK
r-patched-linux-x86_64 1.0.4 6.30 61.80 68.10 NOTE
r-release-linux-x86_64 1.0.4 5.84 62.61 68.45 NOTE
r-release-macos-arm64 1.0.4 62.00 OK
r-release-macos-x86_64 1.0.4 97.00 OK
r-release-windows-x86_64 1.0.4 9.00 84.00 93.00 OK
r-oldrel-macos-arm64 1.0.4 48.00 OK
r-oldrel-macos-x86_64 1.0.4 78.00 OK
r-oldrel-windows-x86_64 1.0.4 9.00 95.00 104.00 OK

Check Details

Version: 1.0.4
Check: for unstated dependencies in ‘demo’
Result: NOTE '::' or ':::' import not declared from: ‘purrr’ 'library' or 'require' call not declared from: ‘tidyr’ Flavors: r-devel-linux-x86_64-debian-clang, r-devel-linux-x86_64-debian-gcc, r-patched-linux-x86_64, r-release-linux-x86_64

These binaries (installable software) and packages are in development.
They may not be fully stable and should be used with caution. We make no claims about them.