Last updated on 2025-07-02 01:51:49 CEST.
Flavor | Version | Tinstall | Tcheck | Ttotal | Status | Flags |
---|---|---|---|---|---|---|
r-devel-linux-x86_64-debian-clang | 1.4.2 | 3.66 | 71.56 | 75.22 | NOTE | |
r-devel-linux-x86_64-debian-gcc | 1.4.2 | 2.69 | 49.21 | 51.90 | NOTE | |
r-devel-linux-x86_64-fedora-clang | 1.4.2 | 119.58 | OK | |||
r-devel-linux-x86_64-fedora-gcc | 1.4.2 | 128.88 | OK | |||
r-devel-windows-x86_64 | 1.4.2 | 4.00 | 88.00 | 92.00 | OK | |
r-patched-linux-x86_64 | OK | |||||
r-release-linux-x86_64 | 1.4.2 | 3.51 | 66.98 | 70.49 | OK | |
r-release-macos-arm64 | 1.4.2 | 52.00 | OK | |||
r-release-macos-x86_64 | 1.4.2 | 85.00 | OK | |||
r-release-windows-x86_64 | 1.4.2 | 4.00 | 89.00 | 93.00 | OK | |
r-oldrel-macos-arm64 | 1.4.2 | 43.00 | OK | |||
r-oldrel-macos-x86_64 | 1.4.2 | 62.00 | OK | |||
r-oldrel-windows-x86_64 | 1.4.2 | 5.00 | 108.00 | 113.00 | OK |
Version: 1.4.2
Check: CRAN incoming feasibility
Result: NOTE
Maintainer: ‘Alun Thomas <Alun.Thomas@utah.edu>’
No Authors@R field in DESCRIPTION.
Please add one, modifying
Authors@R: person(given = "Alun",
family = "Thomas",
role = c("aut", "cre"),
email = "alun.thomas@utah.edu")
as necessary.
Flavors: r-devel-linux-x86_64-debian-clang, r-devel-linux-x86_64-debian-gcc
These binaries (installable software) and packages are in development.
They may not be fully stable and should be used with caution. We make no claims about them.