CRAN Package Check Results for Package rvinecopulib

Last updated on 2025-05-08 04:52:17 CEST.

Flavor Version Tinstall Tcheck Ttotal Status Flags
r-devel-linux-x86_64-debian-clang 0.7.2.1.0 124.09 69.94 194.03 OK
r-devel-linux-x86_64-debian-gcc 0.7.2.1.0 104.10 57.72 161.82 OK
r-devel-linux-x86_64-fedora-clang 0.7.2.1.0 324.53 OK
r-devel-linux-x86_64-fedora-gcc 0.7.2.1.0 451.41 OK
r-devel-windows-x86_64 0.7.2.1.0 132.00 135.00 267.00 OK
r-patched-linux-x86_64 0.7.2.1.0 145.72 75.68 221.40 OK
r-release-linux-x86_64 0.7.2.1.0 138.97 75.96 214.93 OK
r-release-macos-arm64 0.7.2.1.0 100.00 OK
r-release-macos-x86_64 0.7.2.1.0 181.00 OK
r-release-windows-x86_64 0.7.2.1.0 136.00 144.00 280.00 OK
r-oldrel-macos-arm64 0.7.2.1.0 97.00 NOTE
r-oldrel-macos-x86_64 0.7.2.1.0 234.00 NOTE
r-oldrel-windows-x86_64 0.7.2.1.0 158.00 165.00 323.00 NOTE

Check Details

Version: 0.7.2.1.0
Check: installed package size
Result: NOTE installed size is 65.0Mb sub-directories of 1Mb or more: include 5.1Mb libs 59.6Mb Flavors: r-oldrel-macos-arm64, r-oldrel-macos-x86_64, r-oldrel-windows-x86_64

These binaries (installable software) and packages are in development.
They may not be fully stable and should be used with caution. We make no claims about them.