Last updated on 2025-05-01 15:49:44 CEST.
Flavor | Version | Tinstall | Tcheck | Ttotal | Status | Flags |
---|---|---|---|---|---|---|
r-devel-linux-x86_64-debian-clang | 3.2.0 | 6.26 | 51.47 | 57.73 | NOTE | |
r-devel-linux-x86_64-debian-gcc | 3.2.0 | 4.08 | 38.39 | 42.47 | NOTE | |
r-devel-linux-x86_64-fedora-clang | 3.2.0 | 92.84 | OK | |||
r-devel-linux-x86_64-fedora-gcc | 3.2.0 | 84.20 | OK | |||
r-devel-windows-x86_64 | 3.2.0 | 9.00 | 77.00 | 86.00 | OK | |
r-patched-linux-x86_64 | 3.2.0 | 7.09 | 47.55 | 54.64 | OK | |
r-release-linux-x86_64 | OK | |||||
r-release-macos-arm64 | 3.2.0 | 25.00 | OK | |||
r-release-macos-x86_64 | 3.2.0 | 51.00 | OK | |||
r-release-windows-x86_64 | 3.2.0 | 10.00 | 80.00 | 90.00 | OK | |
r-oldrel-macos-arm64 | 3.2.0 | 29.00 | OK | |||
r-oldrel-macos-x86_64 | 3.2.0 | 40.00 | OK | |||
r-oldrel-windows-x86_64 | 3.2.0 | 10.00 | 81.00 | 91.00 | OK |
Version: 3.2.0
Check: CRAN incoming feasibility
Result: NOTE
Maintainer: ‘Alexey Seleznev <selesnow@gmail.com>’
No Authors@R field in DESCRIPTION.
Please add one, modifying
Authors@R: person(given = "Alexey",
family = "Seleznev",
role = c("aut", "cre"),
email = "selesnow@gmail.com")
as necessary.
Flavors: r-devel-linux-x86_64-debian-clang, r-devel-linux-x86_64-debian-gcc
These binaries (installable software) and packages are in development.
They may not be fully stable and should be used with caution. We make no claims about them.