Last updated on 2025-11-13 01:50:33 CET.
| Flavor | Version | Tinstall | Tcheck | Ttotal | Status | Flags |
|---|---|---|---|---|---|---|
| r-devel-linux-x86_64-debian-clang | 3.2.0 | 6.96 | 52.98 | 59.94 | NOTE | |
| r-devel-linux-x86_64-debian-gcc | 3.2.0 | 4.59 | 40.13 | 44.72 | NOTE | |
| r-devel-linux-x86_64-fedora-clang | 3.2.0 | 14.00 | 76.32 | 90.32 | OK | |
| r-devel-linux-x86_64-fedora-gcc | 3.2.0 | 29.00 | 59.80 | 88.80 | OK | |
| r-devel-windows-x86_64 | 3.2.0 | 8.00 | 71.00 | 79.00 | OK | |
| r-patched-linux-x86_64 | 3.2.0 | 7.48 | 49.03 | 56.51 | OK | |
| r-release-linux-x86_64 | 3.2.0 | 5.51 | 49.52 | 55.03 | OK | |
| r-release-macos-arm64 | 3.2.0 | 3.00 | 22.00 | 25.00 | OK | |
| r-release-macos-x86_64 | 3.2.0 | 6.00 | 45.00 | 51.00 | OK | |
| r-release-windows-x86_64 | 3.2.0 | 11.00 | 74.00 | 85.00 | OK | |
| r-oldrel-macos-arm64 | 3.2.0 | 3.00 | 26.00 | 29.00 | OK | |
| r-oldrel-macos-x86_64 | 3.2.0 | 4.00 | 36.00 | 40.00 | OK | |
| r-oldrel-windows-x86_64 | 3.2.0 | 12.00 | 85.00 | 97.00 | OK |
Version: 3.2.0
Check: CRAN incoming feasibility
Result: NOTE
Maintainer: ‘Alexey Seleznev <selesnow@gmail.com>’
No Authors@R field in DESCRIPTION.
Please add one, modifying
Authors@R: person(given = "Alexey",
family = "Seleznev",
role = c("aut", "cre"),
email = "selesnow@gmail.com")
as necessary.
Flavors: r-devel-linux-x86_64-debian-clang, r-devel-linux-x86_64-debian-gcc
These binaries (installable software) and packages are in development.
They may not be fully stable and should be used with caution. We make no claims about them.