CRAN Package Check Results for Package rwavelet

Last updated on 2025-05-01 15:49:44 CEST.

Flavor Version Tinstall Tcheck Ttotal Status Flags
r-devel-linux-x86_64-debian-clang 0.4.1 5.00 61.64 66.64 NOTE
r-devel-linux-x86_64-debian-gcc 0.4.1 3.22 43.41 46.63 NOTE
r-devel-linux-x86_64-fedora-clang 0.4.1 106.84 NOTE
r-devel-linux-x86_64-fedora-gcc 0.4.1 112.86 NOTE
r-devel-windows-x86_64 0.4.1 6.00 83.00 89.00 NOTE
r-patched-linux-x86_64 0.4.1 5.89 59.82 65.71 NOTE
r-release-linux-x86_64 NOTE
r-release-macos-arm64 0.4.1 35.00 NOTE
r-release-macos-x86_64 0.4.1 68.00 NOTE
r-release-windows-x86_64 0.4.1 6.00 86.00 92.00 NOTE
r-oldrel-macos-arm64 0.4.1 33.00 NOTE
r-oldrel-macos-x86_64 0.4.1 51.00 NOTE
r-oldrel-windows-x86_64 0.4.1 7.00 90.00 97.00 NOTE

Check Details

Version: 0.4.1
Check: CRAN incoming feasibility
Result: NOTE Maintainer: ‘Navarro Fabien <fnavarro@math.cnrs.fr>’ No Authors@R field in DESCRIPTION. Please add one, modifying Authors@R: c(person(given = "F.", family = "Navarro", role = "aut"), person(given = "C.", family = "Chesneau", role = "aut"), person(given = "Navarro", family = "Fabien", role = "cre", email = "fnavarro@math.cnrs.fr")) as necessary. Flavors: r-devel-linux-x86_64-debian-clang, r-devel-linux-x86_64-debian-gcc

Version: 0.4.1
Check: Rd files
Result: NOTE checkRd: (-1) HardThresh.Rd:15: Lost braces; missing escapes or markup? 15 | \code{x} filtered result (y 1_{|y|>t}). | ^ checkRd: (-1) SoftThresh.Rd:15: Lost braces; missing escapes or markup? 15 | \code{x} filtered result (y 1_{|y|>t}). | ^ Flavors: r-devel-linux-x86_64-debian-clang, r-devel-linux-x86_64-debian-gcc, r-devel-linux-x86_64-fedora-clang, r-devel-linux-x86_64-fedora-gcc, r-devel-windows-x86_64, r-patched-linux-x86_64, r-release-linux-x86_64, r-release-macos-arm64, r-release-macos-x86_64, r-release-windows-x86_64, r-oldrel-macos-arm64, r-oldrel-macos-x86_64, r-oldrel-windows-x86_64

Version: 0.4.1
Check: examples
Result: NOTE Examples with CPU (user + system) or elapsed time > 5s user system elapsed IWT3_PO 6.108 0 8.195 Flavor: r-devel-linux-x86_64-debian-clang

These binaries (installable software) and packages are in development.
They may not be fully stable and should be used with caution. We make no claims about them.