Last updated on 2025-11-16 05:48:50 CET.
| Flavor | Version | Tinstall | Tcheck | Ttotal | Status | Flags |
|---|---|---|---|---|---|---|
| r-devel-linux-x86_64-debian-clang | 0.2 | 13.60 | 22.75 | 36.35 | OK | |
| r-devel-linux-x86_64-debian-gcc | 0.2 | 8.67 | 19.03 | 27.70 | OK | |
| r-devel-linux-x86_64-fedora-clang | 0.2 | 26.00 | 35.12 | 61.12 | NOTE | |
| r-devel-linux-x86_64-fedora-gcc | 0.2 | 47.00 | 10.09 | 57.09 | NOTE | |
| r-devel-windows-x86_64 | 0.2 | 19.00 | 58.00 | 77.00 | OK | |
| r-patched-linux-x86_64 | 0.2 | 13.12 | 21.84 | 34.96 | OK | |
| r-release-linux-x86_64 | 0.2 | 13.12 | 21.66 | 34.78 | OK | |
| r-release-macos-arm64 | 0.2 | 6.00 | 15.00 | 21.00 | OK | |
| r-release-macos-x86_64 | 0.2 | 7.00 | 24.00 | 31.00 | OK | |
| r-release-windows-x86_64 | 0.2 | 16.00 | 59.00 | 75.00 | OK | |
| r-oldrel-macos-arm64 | 0.2 | 7.00 | 15.00 | 22.00 | NOTE | |
| r-oldrel-macos-x86_64 | 0.2 | 8.00 | 21.00 | 29.00 | NOTE | |
| r-oldrel-windows-x86_64 | 0.2 | 14.00 | 66.00 | 80.00 | NOTE |
Version: 0.2
Check: compiled code
Result: NOTE
File ‘rwfec/libs/rwfec.so’:
Found no calls to: ‘R_registerRoutines’, ‘R_useDynamicSymbols’
It is good practice to register native routines and to disable symbol
search.
See ‘Writing portable packages’ in the ‘Writing R Extensions’ manual.
Flavors: r-devel-linux-x86_64-fedora-clang, r-devel-linux-x86_64-fedora-gcc
Version: 0.2
Check: LazyData
Result: NOTE
'LazyData' is specified without a 'data' directory
Flavors: r-oldrel-macos-arm64, r-oldrel-macos-x86_64, r-oldrel-windows-x86_64
These binaries (installable software) and packages are in development.
They may not be fully stable and should be used with caution. We make no claims about them.