Last updated on 2025-10-23 11:50:26 CEST.
Flavor | Version | Tinstall | Tcheck | Ttotal | Status | Flags |
---|---|---|---|---|---|---|
r-devel-linux-x86_64-debian-clang | 0.2.4 | 3.84 | 39.32 | 43.16 | NOTE | |
r-devel-linux-x86_64-debian-gcc | 0.2.4 | 2.30 | 30.76 | 33.06 | OK | |
r-devel-linux-x86_64-fedora-clang | 0.2.4 | 63.80 | OK | |||
r-devel-linux-x86_64-fedora-gcc | 0.2.4 | 77.10 | OK | |||
r-devel-windows-x86_64 | 0.2.4 | 5.00 | 55.00 | 60.00 | OK | |
r-patched-linux-x86_64 | 0.2.4 | 3.34 | 35.92 | 39.26 | OK | |
r-release-linux-x86_64 | 0.2.4 | 3.08 | 35.98 | 39.06 | OK | |
r-release-macos-arm64 | 0.2.4 | 2.00 | 36.00 | 38.00 | OK | |
r-release-macos-x86_64 | 0.2.4 | 3.00 | 94.00 | 97.00 | OK | |
r-release-windows-x86_64 | 0.2.4 | 6.00 | 56.00 | 62.00 | OK | |
r-oldrel-macos-arm64 | 0.2.4 | 2.00 | 24.00 | 26.00 | OK | |
r-oldrel-macos-x86_64 | 0.2.4 | 3.00 | 39.00 | 42.00 | OK | |
r-oldrel-windows-x86_64 | 0.2.4 | 6.00 | 63.00 | 69.00 | OK |
Version: 0.2.4
Check: HTML version of manual
Result: NOTE
Found the following HTML validation problems:
lookup_emoji.html:63:1 (lookup_emoji.Rd:21): Warning: missing </ul> before </div>
Flavor: r-devel-linux-x86_64-debian-clang
These binaries (installable software) and packages are in development.
They may not be fully stable and should be used with caution. We make no claims about them.