Last updated on 2025-07-25 15:50:12 CEST.
Flavor | Version | Tinstall | Tcheck | Ttotal | Status | Flags |
---|---|---|---|---|---|---|
r-devel-linux-x86_64-debian-clang | 1.3-8 | 31.04 | 324.13 | 355.17 | OK | |
r-devel-linux-x86_64-debian-gcc | 1.3-8 | 19.78 | 207.95 | 227.73 | OK | |
r-devel-linux-x86_64-fedora-clang | 1.3-8 | 572.70 | OK | |||
r-devel-linux-x86_64-fedora-gcc | 1.3-8 | 553.61 | OK | |||
r-devel-windows-x86_64 | 1.3-8 | 29.00 | 286.00 | 315.00 | OK | |
r-patched-linux-x86_64 | 1.3-8 | 27.87 | 304.55 | 332.42 | OK | |
r-release-linux-x86_64 | 1.3-8 | 26.21 | 304.89 | 331.10 | OK | |
r-release-macos-arm64 | 1.3-8 | 140.00 | OK | |||
r-release-macos-x86_64 | 1.3-8 | 323.00 | OK | |||
r-release-windows-x86_64 | 1.3-8 | 28.00 | 284.00 | 312.00 | OK | |
r-oldrel-macos-arm64 | 1.3-8 | 124.00 | NOTE | |||
r-oldrel-macos-x86_64 | 1.3-8 | 213.00 | NOTE | |||
r-oldrel-windows-x86_64 | 1.3-8 | 40.00 | 374.00 | 414.00 | NOTE |
Version: 1.3-8
Check: installed package size
Result: NOTE
installed size is 6.3Mb
sub-directories of 1Mb or more:
data 2.1Mb
doc 3.9Mb
Flavors: r-oldrel-macos-arm64, r-oldrel-macos-x86_64, r-oldrel-windows-x86_64
These binaries (installable software) and packages are in development.
They may not be fully stable and should be used with caution. We make no claims about them.