Last updated on 2025-11-12 18:50:45 CET.
| Flavor | Version | Tinstall | Tcheck | Ttotal | Status | Flags |
|---|---|---|---|---|---|---|
| r-devel-linux-x86_64-debian-clang | 1.3-8 | 28.99 | 326.30 | 355.29 | OK | |
| r-devel-linux-x86_64-debian-gcc | 1.3-8 | 18.74 | 202.53 | 221.27 | OK | |
| r-devel-linux-x86_64-fedora-clang | 1.3-8 | 67.00 | 501.37 | 568.37 | OK | |
| r-devel-linux-x86_64-fedora-gcc | 1.3-8 | 131.00 | 473.08 | 604.08 | OK | |
| r-devel-windows-x86_64 | 1.3-8 | 27.00 | 286.00 | 313.00 | OK | |
| r-patched-linux-x86_64 | 1.3-8 | 32.30 | 310.89 | 343.19 | OK | |
| r-release-linux-x86_64 | 1.3-8 | 28.65 | 310.64 | 339.29 | OK | |
| r-release-macos-arm64 | 1.3-8 | 13.00 | 127.00 | 140.00 | OK | |
| r-release-macos-x86_64 | 1.3-8 | 29.00 | 294.00 | 323.00 | OK | |
| r-release-windows-x86_64 | 1.3-8 | 27.00 | 283.00 | 310.00 | OK | |
| r-oldrel-macos-arm64 | 1.3-8 | 12.00 | 112.00 | 124.00 | NOTE | |
| r-oldrel-macos-x86_64 | 1.3-8 | 19.00 | 194.00 | 213.00 | NOTE | |
| r-oldrel-windows-x86_64 | 1.3-8 | 41.00 | 381.00 | 422.00 | NOTE |
Version: 1.3-8
Check: installed package size
Result: NOTE
installed size is 6.3Mb
sub-directories of 1Mb or more:
data 2.1Mb
doc 3.9Mb
Flavors: r-oldrel-macos-arm64, r-oldrel-macos-x86_64, r-oldrel-windows-x86_64
These binaries (installable software) and packages are in development.
They may not be fully stable and should be used with caution. We make no claims about them.