Last updated on 2025-07-22 19:52:00 CEST.
Flavor | Version | Tinstall | Tcheck | Ttotal | Status | Flags |
---|---|---|---|---|---|---|
r-devel-linux-x86_64-debian-clang | 2.0.13 | 386.25 | 28.96 | 415.21 | OK | |
r-devel-linux-x86_64-debian-gcc | 2.0.13 | 363.25 | 93.99 | 457.24 | OK | |
r-devel-linux-x86_64-fedora-clang | 2.0.13 | 867.94 | OK | |||
r-devel-linux-x86_64-fedora-gcc | 2.0.13 | 934.58 | OK | |||
r-devel-windows-x86_64 | 2.0.13 | 581.00 | 102.00 | 683.00 | OK | |
r-patched-linux-x86_64 | 2.0.13 | 494.97 | 121.29 | 616.26 | OK | |
r-release-linux-x86_64 | 2.0.13 | 502.60 | 120.18 | 622.78 | OK | |
r-release-macos-arm64 | 2.0.13 | 186.00 | OK | |||
r-release-macos-x86_64 | 2.0.13 | 148.00 | OK | |||
r-release-windows-x86_64 | 2.0.13 | 588.00 | 105.00 | 693.00 | OK | |
r-oldrel-macos-arm64 | 2.0.13 | 89.00 | NOTE | |||
r-oldrel-macos-x86_64 | 2.0.13 | 74.00 | NOTE | |||
r-oldrel-windows-x86_64 | 2.0.13 | 622.00 | 116.00 | 738.00 | OK |
Version: 2.0.13
Check: installed package size
Result: NOTE
installed size is 13.9Mb
sub-directories of 1Mb or more:
libs 13.8Mb
Flavors: r-oldrel-macos-arm64, r-oldrel-macos-x86_64
These binaries (installable software) and packages are in development.
They may not be fully stable and should be used with caution. We make no claims about them.