Last updated on 2024-07-27 15:50:33 CEST.
Flavor | Version | Tinstall | Tcheck | Ttotal | Status | Flags |
---|---|---|---|---|---|---|
r-devel-linux-x86_64-debian-clang | 2.1.1 | 83.98 | 44.47 | 128.45 | OK | |
r-devel-linux-x86_64-debian-gcc | 2.1.1 | OK | ||||
r-devel-linux-x86_64-fedora-clang | 2.1.1 | 207.51 | OK | |||
r-devel-linux-x86_64-fedora-gcc | 2.1.1 | 205.17 | OK | |||
r-devel-windows-x86_64 | 2.1.1 | 84.00 | 87.00 | 171.00 | OK | |
r-patched-linux-x86_64 | 2.1.1 | OK | ||||
r-release-linux-x86_64 | 2.1.1 | 75.37 | 42.66 | 118.03 | OK | |
r-release-macos-arm64 | 2.1.1 | 52.00 | NOTE | |||
r-release-macos-x86_64 | 2.1.1 | 82.00 | NOTE | |||
r-release-windows-x86_64 | 2.1.1 | 96.00 | 87.00 | 183.00 | OK | |
r-oldrel-macos-arm64 | 2.1.1 | 55.00 | NOTE | |||
r-oldrel-macos-x86_64 | 2.1.1 | 88.00 | NOTE | |||
r-oldrel-windows-x86_64 | 2.1.1 | 100.00 | 98.00 | 198.00 | OK |
Version: 2.1.1
Check: installed package size
Result: NOTE
installed size is 6.8Mb
sub-directories of 1Mb or more:
libs 6.6Mb
Flavors: r-release-macos-arm64, r-release-macos-x86_64, r-oldrel-macos-arm64, r-oldrel-macos-x86_64
These binaries (installable software) and packages are in development.
They may not be fully stable and should be used with caution. We make no claims about them.