Last updated on 2025-11-11 15:50:46 CET.
| Flavor | Version | Tinstall | Tcheck | Ttotal | Status | Flags |
|---|---|---|---|---|---|---|
| r-devel-linux-x86_64-debian-clang | 0.9.15 | 4.70 | 21.02 | 25.72 | OK | |
| r-devel-linux-x86_64-debian-gcc | 0.9.15 | 3.63 | 17.24 | 20.87 | OK | |
| r-devel-linux-x86_64-fedora-clang | 0.9.15 | 12.00 | 27.97 | 39.97 | OK | |
| r-devel-linux-x86_64-fedora-gcc | 0.9.15 | 19.00 | 20.31 | 39.31 | OK | |
| r-devel-windows-x86_64 | 0.9.15 | 8.00 | 59.00 | 67.00 | OK | |
| r-patched-linux-x86_64 | 0.9.15 | 4.83 | 19.87 | 24.70 | OK | |
| r-release-linux-x86_64 | 0.9.15 | 4.40 | 19.82 | 24.22 | OK | |
| r-release-macos-arm64 | 0.9.15 | 7.00 | 16.00 | 23.00 | OK | |
| r-release-macos-x86_64 | 0.9.15 | 12.00 | 24.00 | 36.00 | OK | |
| r-release-windows-x86_64 | 0.9.15 | 9.00 | 61.00 | 70.00 | OK | |
| r-oldrel-macos-arm64 | 0.9.15 | 5.00 | 18.00 | 23.00 | NOTE | |
| r-oldrel-macos-x86_64 | 0.9.15 | 11.00 | 32.00 | 43.00 | NOTE | |
| r-oldrel-windows-x86_64 | 0.9.15 | 15.00 | 65.00 | 80.00 | OK |
Version: 0.9.15
Check: installed package size
Result: NOTE
installed size is 11.2Mb
sub-directories of 1Mb or more:
libs 11.1Mb
Flavors: r-oldrel-macos-arm64, r-oldrel-macos-x86_64
These binaries (installable software) and packages are in development.
They may not be fully stable and should be used with caution. We make no claims about them.