CRAN Package Check Results for Package rzmq

Last updated on 2025-05-08 04:52:17 CEST.

Flavor Version Tinstall Tcheck Ttotal Status Flags
r-devel-linux-x86_64-debian-clang 0.9.15 4.65 19.35 24.00 OK
r-devel-linux-x86_64-debian-gcc 0.9.15 3.78 16.01 19.79 OK
r-devel-linux-x86_64-fedora-clang 0.9.15 41.07 OK
r-devel-linux-x86_64-fedora-gcc 0.9.15 38.50 OK
r-devel-windows-x86_64 0.9.15 10.00 61.00 71.00 OK
r-patched-linux-x86_64 0.9.15 5.02 18.37 23.39 OK
r-release-linux-x86_64 0.9.15 4.43 18.52 22.95 OK
r-release-macos-arm64 0.9.15 23.00 OK
r-release-macos-x86_64 0.9.15 36.00 OK
r-release-windows-x86_64 0.9.15 9.00 67.00 76.00 OK
r-oldrel-macos-arm64 0.9.15 23.00 NOTE
r-oldrel-macos-x86_64 0.9.15 43.00 NOTE
r-oldrel-windows-x86_64 0.9.15 15.00 65.00 80.00 OK

Check Details

Version: 0.9.15
Check: installed package size
Result: NOTE installed size is 11.2Mb sub-directories of 1Mb or more: libs 11.1Mb Flavors: r-oldrel-macos-arm64, r-oldrel-macos-x86_64

These binaries (installable software) and packages are in development.
They may not be fully stable and should be used with caution. We make no claims about them.