Last updated on 2025-02-16 08:51:00 CET.
Flavor | Version | Tinstall | Tcheck | Ttotal | Status | Flags |
---|---|---|---|---|---|---|
r-devel-linux-x86_64-debian-clang | 1.1.7 | 499.08 | 66.23 | 565.31 | NOTE | |
r-devel-linux-x86_64-debian-gcc | 1.1.7 | 394.38 | 40.98 | 435.36 | NOTE | |
r-devel-linux-x86_64-fedora-clang | 1.1.7 | 1314.50 | NOTE | |||
r-devel-linux-x86_64-fedora-gcc | 1.1.7 | 1316.15 | NOTE | |||
r-devel-macos-arm64 | 1.1.7 | 192.00 | NOTE | |||
r-devel-macos-x86_64 | 1.1.7 | 198.00 | NOTE | |||
r-devel-windows-x86_64 | 1.1.7 | 635.00 | 155.00 | 790.00 | NOTE | |
r-patched-linux-x86_64 | 1.1.7 | 546.24 | 53.84 | 600.08 | NOTE | |
r-release-linux-x86_64 | 1.1.7 | 549.24 | 54.00 | 603.24 | NOTE | |
r-release-macos-arm64 | 1.1.7 | 216.00 | NOTE | |||
r-release-macos-x86_64 | 1.1.7 | 283.00 | NOTE | |||
r-release-windows-x86_64 | 1.1.7 | 646.00 | 163.00 | 809.00 | NOTE | |
r-oldrel-macos-arm64 | 1.1.7 | 226.00 | NOTE | |||
r-oldrel-macos-x86_64 | 1.1.7 | 207.00 | NOTE | |||
r-oldrel-windows-x86_64 | 1.1.7 | 768.00 | 196.00 | 964.00 | NOTE |
Version: 1.1.7
Check: C++ specification
Result: NOTE
Specified C++14: please drop specification unless essential
Flavors: r-devel-linux-x86_64-debian-clang, r-devel-linux-x86_64-debian-gcc, r-devel-linux-x86_64-fedora-clang, r-devel-linux-x86_64-fedora-gcc, r-devel-macos-arm64, r-devel-macos-x86_64, r-devel-windows-x86_64, r-patched-linux-x86_64, r-release-linux-x86_64, r-release-macos-arm64, r-release-macos-x86_64, r-release-windows-x86_64, r-oldrel-macos-arm64, r-oldrel-macos-x86_64, r-oldrel-windows-x86_64
Version: 1.1.7
Check: installed package size
Result: NOTE
installed size is 36.5Mb
sub-directories of 1Mb or more:
libs 35.4Mb
Flavors: r-release-macos-arm64, r-release-macos-x86_64, r-release-windows-x86_64, r-oldrel-macos-arm64, r-oldrel-macos-x86_64, r-oldrel-windows-x86_64
These binaries (installable software) and packages are in development.
They may not be fully stable and should be used with caution. We make no claims about them.