Last updated on 2024-07-27 15:50:33 CEST.
Flavor | Version | Tinstall | Tcheck | Ttotal | Status | Flags |
---|---|---|---|---|---|---|
r-devel-linux-x86_64-debian-clang | 1.1.7 | 663.21 | 83.21 | 746.42 | NOTE | |
r-devel-linux-x86_64-debian-gcc | 1.1.7 | NOTE | ||||
r-devel-linux-x86_64-fedora-clang | 1.1.7 | 1441.87 | NOTE | |||
r-devel-linux-x86_64-fedora-gcc | 1.1.7 | 1314.73 | NOTE | |||
r-devel-windows-x86_64 | 1.1.7 | 588.00 | 168.00 | 756.00 | NOTE | |
r-patched-linux-x86_64 | 1.1.7 | NOTE | ||||
r-release-linux-x86_64 | 1.1.7 | 625.64 | 70.94 | 696.58 | NOTE | |
r-release-macos-arm64 | 1.1.7 | 216.00 | NOTE | |||
r-release-macos-x86_64 | 1.1.7 | 283.00 | NOTE | |||
r-release-windows-x86_64 | 1.1.7 | 603.00 | 157.00 | 760.00 | NOTE | |
r-oldrel-macos-arm64 | 1.1.7 | 226.00 | NOTE | |||
r-oldrel-macos-x86_64 | 1.1.7 | 207.00 | NOTE | |||
r-oldrel-windows-x86_64 | 1.1.7 | 744.00 | 199.00 | 943.00 | NOTE |
Version: 1.1.7
Check: C++ specification
Result: NOTE
Specified C++14: please drop specification unless essential
Flavors: r-devel-linux-x86_64-debian-clang, r-devel-linux-x86_64-debian-gcc, r-devel-linux-x86_64-fedora-clang, r-devel-linux-x86_64-fedora-gcc, r-devel-windows-x86_64, r-patched-linux-x86_64, r-release-linux-x86_64, r-release-macos-arm64, r-release-macos-x86_64, r-release-windows-x86_64, r-oldrel-macos-arm64, r-oldrel-macos-x86_64, r-oldrel-windows-x86_64
Version: 1.1.7
Check: Rd cross-references
Result: NOTE
Undeclared package ‘sf’ in Rd xrefs
Flavor: r-devel-linux-x86_64-fedora-clang
Version: 1.1.7
Check: installed package size
Result: NOTE
installed size is 7.9Mb
sub-directories of 1Mb or more:
libs 6.8Mb
Flavors: r-devel-windows-x86_64, r-release-macos-arm64, r-release-macos-x86_64, r-release-windows-x86_64, r-oldrel-macos-arm64, r-oldrel-macos-x86_64, r-oldrel-windows-x86_64
These binaries (installable software) and packages are in development.
They may not be fully stable and should be used with caution. We make no claims about them.