Last updated on 2025-02-19 17:51:04 CET.
Flavor | Version | Tinstall | Tcheck | Ttotal | Status | Flags |
---|---|---|---|---|---|---|
r-devel-linux-x86_64-debian-clang | 0.1.2 | 4.42 | 51.31 | 55.73 | OK | |
r-devel-linux-x86_64-debian-gcc | 0.1.2 | 3.34 | 35.45 | 38.79 | OK | |
r-devel-linux-x86_64-fedora-clang | 0.1.2 | 90.75 | NOTE | |||
r-devel-linux-x86_64-fedora-gcc | 0.1.2 | 89.29 | NOTE | |||
r-devel-macos-arm64 | 0.1.2 | 30.00 | OK | |||
r-devel-macos-x86_64 | 0.1.2 | 56.00 | OK | |||
r-devel-windows-x86_64 | 0.1.2 | 6.00 | 68.00 | 74.00 | OK | |
r-patched-linux-x86_64 | 0.1.2 | 3.14 | 50.09 | 53.23 | NOTE | |
r-release-linux-x86_64 | 0.1.2 | 4.48 | 49.61 | 54.09 | NOTE | |
r-release-macos-arm64 | 0.1.2 | 28.00 | NOTE | |||
r-release-macos-x86_64 | 0.1.2 | 42.00 | NOTE | |||
r-release-windows-x86_64 | 0.1.2 | 6.00 | 68.00 | 74.00 | NOTE | |
r-oldrel-macos-arm64 | 0.1.2 | 33.00 | NOTE | |||
r-oldrel-macos-x86_64 | 0.1.2 | 45.00 | NOTE | |||
r-oldrel-windows-x86_64 | 0.1.2 | 8.00 | 113.00 | 121.00 | NOTE |
Version: 0.1.2
Check: dependencies in R code
Result: NOTE
Namespace in Imports field not imported from: ‘R6’
All declared Imports should be used.
Flavors: r-devel-linux-x86_64-fedora-clang, r-devel-linux-x86_64-fedora-gcc
Version: 0.1.2
Check: LazyData
Result: NOTE
'LazyData' is specified without a 'data' directory
Flavors: r-patched-linux-x86_64, r-release-linux-x86_64, r-release-macos-arm64, r-release-macos-x86_64, r-release-windows-x86_64, r-oldrel-macos-arm64, r-oldrel-macos-x86_64, r-oldrel-windows-x86_64
These binaries (installable software) and packages are in development.
They may not be fully stable and should be used with caution. We make no claims about them.