CRAN Package Check Results for Package sGMRFmix

Last updated on 2025-07-25 01:49:39 CEST.

Flavor Version Tinstall Tcheck Ttotal Status Flags
r-devel-linux-x86_64-debian-clang 0.3.0 5.60 440.07 445.67 OK
r-devel-linux-x86_64-debian-gcc 0.3.0 4.32 265.19 269.51 OK
r-devel-linux-x86_64-fedora-clang 0.3.0 754.89 OK
r-devel-linux-x86_64-fedora-gcc 0.3.0 717.83 OK
r-devel-windows-x86_64 0.3.0 8.00 374.00 382.00 OK
r-patched-linux-x86_64 0.3.0 4.60 398.81 403.41 OK
r-release-linux-x86_64 0.3.0 5.96 400.42 406.38 OK
r-release-macos-arm64 0.3.0 230.00 OK
r-release-macos-x86_64 0.3.0 343.00 OK
r-release-windows-x86_64 0.3.0 7.00 337.00 344.00 OK
r-oldrel-macos-arm64 0.3.0 156.00 NOTE
r-oldrel-macos-x86_64 0.3.0 256.00 NOTE
r-oldrel-windows-x86_64 0.3.0 9.00 471.00 480.00 NOTE

Check Details

Version: 0.3.0
Check: LazyData
Result: NOTE 'LazyData' is specified without a 'data' directory Flavors: r-oldrel-macos-arm64, r-oldrel-macos-x86_64, r-oldrel-windows-x86_64

These binaries (installable software) and packages are in development.
They may not be fully stable and should be used with caution. We make no claims about them.