Last updated on 2025-05-24 17:52:32 CEST.
Flavor | Version | Tinstall | Tcheck | Ttotal | Status | Flags |
---|---|---|---|---|---|---|
r-devel-linux-x86_64-debian-clang | 0.1.2 | 16.07 | 122.58 | 138.65 | NOTE | |
r-devel-linux-x86_64-debian-gcc | 0.1.2 | 9.90 | 85.61 | 95.51 | NOTE | |
r-devel-linux-x86_64-fedora-clang | 0.1.2 | 217.57 | OK | |||
r-devel-linux-x86_64-fedora-gcc | 0.1.2 | 204.44 | OK | |||
r-devel-windows-x86_64 | 0.1.2 | 17.00 | 126.00 | 143.00 | NOTE | |
r-patched-linux-x86_64 | 0.1.2 | 16.51 | 114.25 | 130.76 | NOTE | |
r-release-linux-x86_64 | 0.1.2 | 13.97 | 114.50 | 128.47 | NOTE | |
r-release-macos-arm64 | 0.1.2 | 55.00 | OK | |||
r-release-macos-x86_64 | 0.1.2 | 99.00 | OK | |||
r-release-windows-x86_64 | 0.1.2 | 16.00 | 128.00 | 144.00 | NOTE | |
r-oldrel-macos-arm64 | 0.1.2 | 57.00 | OK | |||
r-oldrel-macos-x86_64 | 0.1.2 | 87.00 | OK | |||
r-oldrel-windows-x86_64 | 0.1.2 | 23.00 | 155.00 | 178.00 | OK |
Version: 0.1.2
Check: Rd cross-references
Result: NOTE
Found the following Rd file(s) with Rd \link{} targets missing package
anchors:
evol_auc.Rd: ggplot
explore_table.Rd: flextable
probs_pred.Rd: ggplot
sMSROC_plot.Rd: plotROC
Please provide package anchors for all Rd \link{} targets not in the
package itself and the base packages.
Flavors: r-devel-linux-x86_64-debian-clang, r-devel-linux-x86_64-debian-gcc, r-devel-windows-x86_64, r-patched-linux-x86_64, r-release-linux-x86_64, r-release-windows-x86_64
These binaries (installable software) and packages are in development.
They may not be fully stable and should be used with caution. We make no claims about them.