CRAN Package Check Results for Package sMSROC

Last updated on 2025-10-23 09:51:00 CEST.

Flavor Version Tinstall Tcheck Ttotal Status Flags
r-devel-linux-x86_64-debian-clang 0.1.3 15.94 137.12 153.06 OK
r-devel-linux-x86_64-debian-gcc 0.1.3 11.21 95.52 106.73 OK
r-devel-linux-x86_64-fedora-clang 0.1.3 81.00 170.46 251.46 OK
r-devel-linux-x86_64-fedora-gcc 0.1.3 31.00 190.31 221.31 OK
r-devel-windows-x86_64 0.1.2 18.00 133.00 151.00 NOTE
r-patched-linux-x86_64 0.1.3 15.40 125.63 141.03 OK
r-release-linux-x86_64 0.1.2 14.44 126.94 141.38 NOTE
r-release-macos-arm64 0.1.3 7.00 53.00 60.00 OK
r-release-macos-x86_64 0.1.3 18.00 116.00 134.00 OK
r-release-windows-x86_64 0.1.3 22.00 134.00 156.00 OK
r-oldrel-macos-arm64 0.1.3 8.00 59.00 67.00 OK
r-oldrel-macos-x86_64 0.1.3 18.00 118.00 136.00 OK
r-oldrel-windows-x86_64 0.1.3 24.00 166.00 190.00 OK

Check Details

Version: 0.1.2
Check: Rd cross-references
Result: NOTE Found the following Rd file(s) with Rd \link{} targets missing package anchors: evol_auc.Rd: ggplot explore_table.Rd: flextable probs_pred.Rd: ggplot sMSROC_plot.Rd: plotROC Please provide package anchors for all Rd \link{} targets not in the package itself and the base packages. Flavors: r-devel-windows-x86_64, r-release-linux-x86_64

These binaries (installable software) and packages are in development.
They may not be fully stable and should be used with caution. We make no claims about them.