Last updated on 2024-07-27 15:50:34 CEST.
Flavor | Version | Tinstall | Tcheck | Ttotal | Status | Flags |
---|---|---|---|---|---|---|
r-devel-linux-x86_64-debian-clang | 0.1.2 | 17.84 | 155.59 | 173.43 | OK | |
r-devel-linux-x86_64-debian-gcc | 0.1.2 | NOTE | ||||
r-devel-linux-x86_64-fedora-clang | 0.1.2 | 212.31 | OK | |||
r-devel-linux-x86_64-fedora-gcc | 0.1.2 | 198.95 | OK | |||
r-devel-windows-x86_64 | 0.1.2 | 16.00 | 123.00 | 139.00 | NOTE | |
r-patched-linux-x86_64 | 0.1.2 | OK | ||||
r-release-linux-x86_64 | 0.1.2 | 11.11 | 147.65 | 158.76 | OK | |
r-release-macos-arm64 | 0.1.2 | 57.00 | OK | |||
r-release-macos-x86_64 | 0.1.2 | 87.00 | OK | |||
r-release-windows-x86_64 | 0.1.2 | 17.00 | 127.00 | 144.00 | OK | |
r-oldrel-macos-arm64 | 0.1.2 | 61.00 | OK | |||
r-oldrel-macos-x86_64 | 0.1.2 | 127.00 | OK | |||
r-oldrel-windows-x86_64 | 0.1.2 | 22.00 | 157.00 | 179.00 | OK |
Version: 0.1.2
Check: Rd cross-references
Result: NOTE
Found the following Rd file(s) with Rd \link{} targets missing package
anchors:
evol_auc.Rd: ggplot
explore_table.Rd: flextable
probs_pred.Rd: ggplot
sMSROC_plot.Rd: plotROC
Please provide package anchors for all Rd \link{} targets not in the
package itself and the base packages.
Flavors: r-devel-linux-x86_64-debian-gcc, r-devel-windows-x86_64
These binaries (installable software) and packages are in development.
They may not be fully stable and should be used with caution. We make no claims about them.