CRAN Package Check Results for Package sMTL

Last updated on 2025-05-23 01:51:12 CEST.

Flavor Version Tinstall Tcheck Ttotal Status Flags
r-devel-linux-x86_64-debian-clang 0.1.0 7.95 49.84 57.79 NOTE
r-devel-linux-x86_64-debian-gcc 0.1.0 3.92 35.92 39.84 NOTE
r-devel-linux-x86_64-fedora-clang 0.1.0 89.76 OK
r-devel-linux-x86_64-fedora-gcc 0.1.0 84.19 OK
r-devel-windows-x86_64 0.1.0 8.00 65.00 73.00 OK
r-patched-linux-x86_64 0.1.0 6.00 46.52 52.52 OK
r-release-linux-x86_64 0.1.0 7.09 46.43 53.52 OK
r-release-macos-arm64 0.1.0 28.00 OK
r-release-macos-x86_64 0.1.0 49.00 OK
r-release-windows-x86_64 0.1.0 9.00 93.00 102.00 OK
r-oldrel-macos-arm64 0.1.0 28.00 OK
r-oldrel-macos-x86_64 0.1.0 40.00 OK
r-oldrel-windows-x86_64 0.1.0 11.00 75.00 86.00 OK

Check Details

Version: 0.1.0
Check: CRAN incoming feasibility
Result: NOTE Maintainer: ‘Gabriel Loewinger <gloewinger@gmail.com>’ The Description field contains Loewinger et al., (2022) <arXiv:2212.08697>. Please refer to arXiv e-prints via their arXiv DOI <doi:10.48550/arXiv.YYMM.NNNNN>. Flavors: r-devel-linux-x86_64-debian-clang, r-devel-linux-x86_64-debian-gcc

These binaries (installable software) and packages are in development.
They may not be fully stable and should be used with caution. We make no claims about them.