Last updated on 2025-10-03 13:49:48 CEST.
Flavor | Version | Tinstall | Tcheck | Ttotal | Status | Flags |
---|---|---|---|---|---|---|
r-devel-linux-x86_64-debian-clang | 0.1.0 | 7.61 | 51.70 | 59.31 | NOTE | |
r-devel-linux-x86_64-debian-gcc | 0.1.0 | 5.15 | 36.70 | 41.85 | NOTE | |
r-devel-linux-x86_64-fedora-clang | 0.1.0 | 89.82 | OK | |||
r-devel-linux-x86_64-fedora-gcc | 0.1.0 | 84.76 | OK | |||
r-devel-windows-x86_64 | 0.1.0 | 9.00 | 66.00 | 75.00 | OK | |
r-patched-linux-x86_64 | 0.1.0 | 7.55 | 48.51 | 56.06 | OK | |
r-release-linux-x86_64 | 0.1.0 | 6.52 | 48.80 | 55.32 | OK | |
r-release-macos-arm64 | 0.1.0 | 28.00 | OK | |||
r-release-macos-x86_64 | 0.1.0 | 49.00 | OK | |||
r-release-windows-x86_64 | 0.1.0 | 10.00 | 64.00 | 74.00 | OK | |
r-oldrel-macos-arm64 | 0.1.0 | 28.00 | OK | |||
r-oldrel-macos-x86_64 | 0.1.0 | 40.00 | OK | |||
r-oldrel-windows-x86_64 | 0.1.0 | 12.00 | 79.00 | 91.00 | OK |
Version: 0.1.0
Check: CRAN incoming feasibility
Result: NOTE
Maintainer: ‘Gabriel Loewinger <gloewinger@gmail.com>’
The Description field contains
Loewinger et al., (2022) <arXiv:2212.08697>.
Please refer to arXiv e-prints via their arXiv DOI <doi:10.48550/arXiv.YYMM.NNNNN>.
Flavors: r-devel-linux-x86_64-debian-clang, r-devel-linux-x86_64-debian-gcc
These binaries (installable software) and packages are in development.
They may not be fully stable and should be used with caution. We make no claims about them.