CRAN Package Check Results for Package sNPLS

Last updated on 2025-07-26 07:50:35 CEST.

Flavor Version Tinstall Tcheck Ttotal Status Flags
r-devel-linux-x86_64-debian-clang 1.0.27 2.81 25.97 28.78 NOTE
r-devel-linux-x86_64-debian-gcc 1.0.27 1.83 20.31 22.14 NOTE
r-devel-linux-x86_64-fedora-clang 1.0.27 44.90 OK
r-devel-linux-x86_64-fedora-gcc 1.0.27 41.83 OK
r-devel-windows-x86_64 1.0.27 5.00 55.00 60.00 OK
r-patched-linux-x86_64 1.0.27 2.93 23.98 26.91 OK
r-release-linux-x86_64 1.0.27 2.89 24.04 26.93 OK
r-release-macos-arm64 1.0.27 18.00 OK
r-release-macos-x86_64 1.0.27 34.00 OK
r-release-windows-x86_64 1.0.27 7.00 46.00 53.00 OK
r-oldrel-macos-arm64 1.0.27 16.00 OK
r-oldrel-macos-x86_64 1.0.27 25.00 OK
r-oldrel-windows-x86_64 1.0.27 7.00 53.00 60.00 OK

Check Details

Version: 1.0.27
Check: CRAN incoming feasibility
Result: NOTE Maintainer: ‘David Hervas <ddhervas@yahoo.es>’ No Authors@R field in DESCRIPTION. Please add one, modifying Authors@R: person(given = "David", family = "Hervas", role = c("aut", "cre"), email = "ddhervas@yahoo.es") as necessary. Flavors: r-devel-linux-x86_64-debian-clang, r-devel-linux-x86_64-debian-gcc

These binaries (installable software) and packages are in development.
They may not be fully stable and should be used with caution. We make no claims about them.