Last updated on 2025-05-01 14:49:23 CEST.
Flavor | Version | Tinstall | Tcheck | Ttotal | Status | Flags |
---|---|---|---|---|---|---|
r-devel-linux-x86_64-debian-clang | 1.2.0 | 5.40 | 50.56 | 55.96 | NOTE | |
r-devel-linux-x86_64-debian-gcc | 1.2.0 | 4.82 | 38.80 | 43.62 | NOTE | |
r-devel-linux-x86_64-fedora-clang | 1.2.0 | 90.91 | OK | |||
r-devel-linux-x86_64-fedora-gcc | 1.2.0 | 83.35 | OK | |||
r-devel-windows-x86_64 | 1.2.0 | 7.00 | 71.00 | 78.00 | OK | |
r-patched-linux-x86_64 | 1.2.0 | 6.19 | 48.06 | 54.25 | OK | |
r-release-linux-x86_64 | OK | |||||
r-release-macos-arm64 | 1.2.0 | 31.00 | OK | |||
r-release-macos-x86_64 | 1.2.0 | 61.00 | OK | |||
r-release-windows-x86_64 | 1.2.0 | 7.00 | 74.00 | 81.00 | OK | |
r-oldrel-macos-arm64 | 1.2.0 | 27.00 | NOTE | |||
r-oldrel-macos-x86_64 | 1.2.0 | 41.00 | NOTE | |||
r-oldrel-windows-x86_64 | 1.2.0 | 8.00 | 75.00 | 83.00 | NOTE |
Version: 1.2.0
Check: CRAN incoming feasibility
Result: NOTE
Maintainer: ‘Yang Liu <zjubioly@gmail.com>’
No Authors@R field in DESCRIPTION.
Please add one, modifying
Authors@R: c(person(given = "Yang",
family = "Liu",
role = c("aut", "cre"),
email = "zjubioly@gmail.com"),
person(given = "Francesca",
family = "Chiaromonte",
role = "aut"),
person(given = "Bing",
family = "Li",
role = "aut"))
as necessary.
Flavors: r-devel-linux-x86_64-debian-clang, r-devel-linux-x86_64-debian-gcc
Version: 1.2.0
Check: LazyData
Result: NOTE
'LazyData' is specified without a 'data' directory
Flavors: r-oldrel-macos-arm64, r-oldrel-macos-x86_64, r-oldrel-windows-x86_64
These binaries (installable software) and packages are in development.
They may not be fully stable and should be used with caution. We make no claims about them.