Last updated on 2025-02-16 08:51:02 CET.
Flavor | Version | Tinstall | Tcheck | Ttotal | Status | Flags |
---|---|---|---|---|---|---|
r-devel-linux-x86_64-debian-clang | 0.1.6 | 5.53 | 96.27 | 101.80 | NOTE | |
r-devel-linux-x86_64-debian-gcc | 0.1.6 | 3.51 | 67.87 | 71.38 | NOTE | |
r-devel-linux-x86_64-fedora-clang | 0.1.6 | 166.21 | OK | |||
r-devel-linux-x86_64-fedora-gcc | 0.1.6 | 171.40 | OK | |||
r-devel-macos-arm64 | 0.1.6 | 60.00 | OK | |||
r-devel-macos-x86_64 | 0.1.6 | 141.00 | OK | |||
r-devel-windows-x86_64 | 0.1.6 | 7.00 | 125.00 | 132.00 | NOTE | |
r-patched-linux-x86_64 | 0.1.6 | 10.53 | 94.26 | 104.79 | OK | |
r-release-linux-x86_64 | 0.1.6 | 5.17 | 93.63 | 98.80 | OK | |
r-release-macos-arm64 | 0.1.6 | 58.00 | OK | |||
r-release-macos-x86_64 | 0.1.6 | 101.00 | OK | |||
r-release-windows-x86_64 | 0.1.6 | 7.00 | 127.00 | 134.00 | OK | |
r-oldrel-macos-arm64 | 0.1.6 | 63.00 | OK | |||
r-oldrel-macos-x86_64 | 0.1.6 | 110.00 | OK | |||
r-oldrel-windows-x86_64 | 0.1.6 | 9.00 | 138.00 | 147.00 | OK |
Version: 0.1.6
Check: Rd cross-references
Result: NOTE
Found the following Rd file(s) with Rd \link{} targets missing package
anchors:
plot.sValues.Rd: ggplot
Please provide package anchors for all Rd \link{} targets not in the
package itself and the base packages.
Flavors: r-devel-linux-x86_64-debian-clang, r-devel-linux-x86_64-debian-gcc, r-devel-windows-x86_64
These binaries (installable software) and packages are in development.
They may not be fully stable and should be used with caution. We make no claims about them.