Last updated on 2025-05-01 14:49:24 CEST.
Flavor | Version | Tinstall | Tcheck | Ttotal | Status | Flags |
---|---|---|---|---|---|---|
r-devel-linux-x86_64-debian-clang | 0.1.6 | 6.48 | 86.93 | 93.41 | NOTE | |
r-devel-linux-x86_64-debian-gcc | 0.1.6 | 4.52 | 62.58 | 67.10 | NOTE | |
r-devel-linux-x86_64-fedora-clang | 0.1.6 | 141.98 | OK | |||
r-devel-linux-x86_64-fedora-gcc | 0.1.6 | 148.36 | OK | |||
r-devel-windows-x86_64 | 0.1.6 | 8.00 | 123.00 | 131.00 | NOTE | |
r-patched-linux-x86_64 | 0.1.6 | 6.22 | 86.13 | 92.35 | NOTE | |
r-release-linux-x86_64 | NOTE | |||||
r-release-macos-arm64 | 0.1.6 | 52.00 | OK | |||
r-release-macos-x86_64 | 0.1.6 | 110.00 | OK | |||
r-release-windows-x86_64 | 0.1.6 | 8.00 | 126.00 | 134.00 | NOTE | |
r-oldrel-macos-arm64 | 0.1.6 | 58.00 | OK | |||
r-oldrel-macos-x86_64 | 0.1.6 | 101.00 | OK | |||
r-oldrel-windows-x86_64 | 0.1.6 | 9.00 | 150.00 | 159.00 | OK |
Version: 0.1.6
Check: CRAN incoming feasibility
Result: NOTE
Maintainer: ‘Carlos Cinelli <carloscinelli@hotmail.com>’
No Authors@R field in DESCRIPTION.
Please add one, modifying
Authors@R: person(given = "Carlos",
family = "Cinelli",
role = c("aut", "cre"),
email = "carloscinelli@hotmail.com")
as necessary.
The BugReports field in DESCRIPTION has
https://github.com/carloscinelli/sValues
which should likely be
https://github.com/carloscinelli/sValues/issues
instead.
Flavors: r-devel-linux-x86_64-debian-clang, r-devel-linux-x86_64-debian-gcc
Version: 0.1.6
Check: Rd cross-references
Result: NOTE
Found the following Rd file(s) with Rd \link{} targets missing package
anchors:
plot.sValues.Rd: ggplot
Please provide package anchors for all Rd \link{} targets not in the
package itself and the base packages.
Flavors: r-devel-linux-x86_64-debian-clang, r-devel-linux-x86_64-debian-gcc, r-devel-windows-x86_64, r-patched-linux-x86_64, r-release-linux-x86_64, r-release-windows-x86_64
Version: 0.1.6
Check: examples
Result: NOTE
Examples with CPU (user + system) or elapsed time > 5s
user system elapsed
plot.sValues 4.808 0.06 6.286
sValues 4.239 0.15 6.008
Flavor: r-devel-linux-x86_64-debian-clang
These binaries (installable software) and packages are in development.
They may not be fully stable and should be used with caution. We make no claims about them.