Last updated on 2024-07-27 15:50:35 CEST.
Flavor | Version | Tinstall | Tcheck | Ttotal | Status | Flags |
---|---|---|---|---|---|---|
r-devel-linux-x86_64-debian-clang | 0.1.6 | 5.60 | 121.12 | 126.72 | OK | |
r-devel-linux-x86_64-debian-gcc | 0.1.6 | NOTE | ||||
r-devel-linux-x86_64-fedora-clang | 0.1.6 | 163.49 | OK | |||
r-devel-linux-x86_64-fedora-gcc | 0.1.6 | 169.18 | OK | |||
r-devel-windows-x86_64 | 0.1.6 | 8.00 | 126.00 | 134.00 | NOTE | |
r-patched-linux-x86_64 | 0.1.6 | OK | ||||
r-release-linux-x86_64 | 0.1.6 | 6.96 | 121.57 | 128.53 | OK | |
r-release-macos-arm64 | 0.1.6 | 58.00 | OK | |||
r-release-macos-x86_64 | 0.1.6 | 101.00 | OK | |||
r-release-windows-x86_64 | 0.1.6 | 7.00 | 127.00 | 134.00 | OK | |
r-oldrel-macos-arm64 | 0.1.6 | 63.00 | OK | |||
r-oldrel-macos-x86_64 | 0.1.6 | 110.00 | OK | |||
r-oldrel-windows-x86_64 | 0.1.6 | 9.00 | 144.00 | 153.00 | OK |
Version: 0.1.6
Check: Rd cross-references
Result: NOTE
Found the following Rd file(s) with Rd \link{} targets missing package
anchors:
plot.sValues.Rd: ggplot
Please provide package anchors for all Rd \link{} targets not in the
package itself and the base packages.
Flavors: r-devel-linux-x86_64-debian-gcc, r-devel-windows-x86_64
These binaries (installable software) and packages are in development.
They may not be fully stable and should be used with caution. We make no claims about them.