Last updated on 2025-05-02 06:49:45 CEST.
Flavor | Version | Tinstall | Tcheck | Ttotal | Status | Flags |
---|---|---|---|---|---|---|
r-devel-linux-x86_64-debian-clang | 0.3.4 | 5.09 | 37.47 | 42.56 | NOTE | |
r-devel-linux-x86_64-debian-gcc | 0.3.4 | 3.28 | 27.72 | 31.00 | NOTE | |
r-devel-linux-x86_64-fedora-clang | 0.3.4 | 70.48 | OK | |||
r-devel-linux-x86_64-fedora-gcc | 0.3.4 | 62.88 | OK | |||
r-devel-windows-x86_64 | 0.3.4 | 5.00 | 77.00 | 82.00 | OK | |
r-patched-linux-x86_64 | 0.3.4 | 5.50 | 35.84 | 41.34 | OK | |
r-release-linux-x86_64 | OK | |||||
r-release-macos-arm64 | 0.3.4 | 24.00 | OK | |||
r-release-macos-x86_64 | 0.3.4 | 45.00 | OK | |||
r-release-windows-x86_64 | 0.3.4 | 4.00 | 71.00 | 75.00 | OK | |
r-oldrel-macos-arm64 | 0.3.4 | 23.00 | OK | |||
r-oldrel-macos-x86_64 | 0.3.4 | 44.00 | OK | |||
r-oldrel-windows-x86_64 | 0.3.4 | 5.00 | 69.00 | 74.00 | OK |
Version: 0.3.4
Check: CRAN incoming feasibility
Result: NOTE
Maintainer: ‘Zhongyang Zhang <zhongyang.zhang@mssm.edu>’
No Authors@R field in DESCRIPTION.
Please add one, modifying
Authors@R: c(person(given = "Zhongyang",
family = "Zhang",
role = c("aut", "cre"),
email = "zhongyang.zhang@mssm.edu"),
person(given = "Ke",
family = "Hao",
role = "aut"),
person(given = c("Nancy", "R."),
family = "Zhang",
role = "ctb"))
as necessary.
Flavors: r-devel-linux-x86_64-debian-clang, r-devel-linux-x86_64-debian-gcc
These binaries (installable software) and packages are in development.
They may not be fully stable and should be used with caution. We make no claims about them.