Last updated on 2025-11-11 17:50:12 CET.
| Flavor | Version | Tinstall | Tcheck | Ttotal | Status | Flags |
|---|---|---|---|---|---|---|
| r-devel-linux-x86_64-debian-clang | 1.0.2 | 2.60 | 29.25 | 31.85 | NOTE | |
| r-devel-linux-x86_64-debian-gcc | 1.0.2 | 2.05 | 22.38 | 24.43 | NOTE | |
| r-devel-linux-x86_64-fedora-clang | 1.0.2 | 47.80 | NOTE | |||
| r-devel-linux-x86_64-fedora-gcc | 1.0.2 | 13.00 | 35.91 | 48.91 | NOTE | |
| r-devel-windows-x86_64 | 1.0.2 | 3.00 | 48.00 | 51.00 | NOTE | |
| r-patched-linux-x86_64 | 1.0.2 | 3.13 | 28.51 | 31.64 | NOTE | |
| r-release-linux-x86_64 | 1.0.2 | 2.67 | 27.43 | 30.10 | NOTE | |
| r-release-macos-arm64 | 1.0.2 | 2.00 | 18.00 | 20.00 | NOTE | |
| r-release-macos-x86_64 | 1.0.2 | 4.00 | 35.00 | 39.00 | NOTE | |
| r-release-windows-x86_64 | 1.0.2 | 3.00 | 48.00 | 51.00 | NOTE | |
| r-oldrel-macos-arm64 | 1.0.2 | 1.00 | 18.00 | 19.00 | NOTE | |
| r-oldrel-macos-x86_64 | 1.0.2 | 2.00 | 32.00 | 34.00 | NOTE | |
| r-oldrel-windows-x86_64 | 1.0.2 | 3.00 | 49.00 | 52.00 | NOTE |
Version: 1.0.2
Check: CRAN incoming feasibility
Result: NOTE
Maintainer: ‘Zhong Guan <zguan@iusb.edu>’
No Authors@R field in DESCRIPTION.
Please add one, modifying
Authors@R: person(given = "Zhong",
family = "Guan",
role = c("aut", "cre"),
email = "zguan@iusb.edu")
as necessary.
Flavors: r-devel-linux-x86_64-debian-clang, r-devel-linux-x86_64-debian-gcc
Version: 1.0.2
Check: Rd files
Result: NOTE
checkRd: (-1) BootsChapt.Rd:38: Escaped LaTeX specials: \&
checkRd: (-1) SemiparChangePoint.Rd:30: Escaped LaTeX specials: \&
checkRd: (-1) schapt.Rd:44: Escaped LaTeX specials: \&
Flavors: r-devel-linux-x86_64-debian-clang, r-devel-linux-x86_64-debian-gcc, r-devel-linux-x86_64-fedora-clang, r-devel-linux-x86_64-fedora-gcc, r-devel-windows-x86_64, r-patched-linux-x86_64, r-release-linux-x86_64, r-release-macos-arm64, r-release-macos-x86_64, r-release-windows-x86_64, r-oldrel-macos-arm64, r-oldrel-macos-x86_64, r-oldrel-windows-x86_64
These binaries (installable software) and packages are in development.
They may not be fully stable and should be used with caution. We make no claims about them.