Last updated on 2025-02-16 08:51:00 CET.
Flavor | Version | Tinstall | Tcheck | Ttotal | Status | Flags |
---|---|---|---|---|---|---|
r-devel-linux-x86_64-debian-clang | 0.1.3 | 12.49 | 67.98 | 80.47 | NOTE | |
r-devel-linux-x86_64-debian-gcc | 0.1.3 | 9.20 | 49.02 | 58.22 | NOTE | |
r-devel-linux-x86_64-fedora-clang | 0.1.3 | 134.95 | NOTE | |||
r-devel-linux-x86_64-fedora-gcc | 0.1.3 | 140.86 | NOTE | |||
r-devel-macos-arm64 | 0.1.3 | 53.00 | NOTE | |||
r-devel-macos-x86_64 | 0.1.3 | 90.00 | NOTE | |||
r-devel-windows-x86_64 | 0.1.3 | 19.00 | 98.00 | 117.00 | NOTE | |
r-patched-linux-x86_64 | 0.1.3 | 13.34 | 61.85 | 75.19 | NOTE | |
r-release-linux-x86_64 | 0.1.3 | 13.57 | 62.38 | 75.95 | NOTE | |
r-release-macos-arm64 | 0.1.3 | 49.00 | NOTE | |||
r-release-macos-x86_64 | 0.1.3 | 70.00 | NOTE | |||
r-release-windows-x86_64 | 0.1.3 | 19.00 | 97.00 | 116.00 | NOTE | |
r-oldrel-macos-arm64 | 0.1.3 | 77.00 | OK | |||
r-oldrel-macos-x86_64 | 0.1.3 | 92.00 | OK | |||
r-oldrel-windows-x86_64 | 0.1.3 | 23.00 | 109.00 | 132.00 | OK |
Version: 0.1.3
Check: Rd files
Result: NOTE
checkRd: (-1) diff_ek.Rd:29: Lost braces in \itemize; meant \describe ?
checkRd: (-1) diff_nh.Rd:32: Lost braces in \itemize; meant \describe ?
checkRd: (-1) extract_saccades.Rd:94-97: Lost braces in \itemize; meant \describe ?
checkRd: (-1) extract_saccades.Rd:98: Lost braces in \itemize; meant \describe ?
checkRd: (-1) extract_saccades.Rd:99: Lost braces in \itemize; meant \describe ?
checkRd: (-1) extract_saccades.Rd:100: Lost braces in \itemize; meant \describe ?
checkRd: (-1) extract_saccades.Rd:101: Lost braces in \itemize; meant \describe ?
checkRd: (-1) extract_saccades.Rd:102: Lost braces in \itemize; meant \describe ?
checkRd: (-1) extract_saccades.Rd:103: Lost braces in \itemize; meant \describe ?
checkRd: (-1) extract_saccades.Rd:104: Lost braces in \itemize; meant \describe ?
checkRd: (-1) extract_saccades.Rd:105: Lost braces in \itemize; meant \describe ?
checkRd: (-1) extract_saccades.Rd:106: Lost braces in \itemize; meant \describe ?
checkRd: (-1) extract_saccades.Rd:107: Lost braces in \itemize; meant \describe ?
checkRd: (-1) extract_saccades.Rd:108: Lost braces in \itemize; meant \describe ?
checkRd: (-1) extract_saccades.Rd:109: Lost braces in \itemize; meant \describe ?
checkRd: (-1) extract_saccades.Rd:110: Lost braces in \itemize; meant \describe ?
checkRd: (-1) extract_saccades.Rd:111: Lost braces in \itemize; meant \describe ?
checkRd: (-1) extract_saccades.Rd:112: Lost braces in \itemize; meant \describe ?
checkRd: (-1) extract_saccades.Rd:113: Lost braces in \itemize; meant \describe ?
checkRd: (-1) extract_saccades.Rd:114: Lost braces in \itemize; meant \describe ?
checkRd: (-1) extract_saccades.Rd:115: Lost braces in \itemize; meant \describe ?
checkRd: (-1) extract_saccades.Rd:116: Lost braces in \itemize; meant \describe ?
checkRd: (-1) method_ek.Rd:33: Lost braces in \itemize; meant \describe ?
checkRd: (-1) method_ek.Rd:34: Lost braces in \itemize; meant \describe ?
checkRd: (-1) method_ek.Rd:35: Lost braces in \itemize; meant \describe ?
checkRd: (-1) method_ek.Rd:36: Lost braces in \itemize; meant \describe ?
checkRd: (-1) method_nh.Rd:33: Lost braces in \itemize; meant \describe ?
checkRd: (-1) method_nh.Rd:34: Lost braces in \itemize; meant \describe ?
checkRd: (-1) method_nh.Rd:35: Lost braces in \itemize; meant \describe ?
checkRd: (-1) method_nh.Rd:36: Lost braces in \itemize; meant \describe ?
checkRd: (-1) method_om.Rd:33: Lost braces in \itemize; meant \describe ?
checkRd: (-1) method_om.Rd:34: Lost braces in \itemize; meant \describe ?
checkRd: (-1) method_om.Rd:35: Lost braces in \itemize; meant \describe ?
checkRd: (-1) method_om.Rd:36: Lost braces in \itemize; meant \describe ?
Flavors: r-devel-linux-x86_64-debian-clang, r-devel-linux-x86_64-debian-gcc, r-devel-linux-x86_64-fedora-clang, r-devel-linux-x86_64-fedora-gcc, r-devel-macos-arm64, r-devel-macos-x86_64, r-devel-windows-x86_64, r-patched-linux-x86_64, r-release-linux-x86_64, r-release-macos-arm64, r-release-macos-x86_64, r-release-windows-x86_64
These binaries (installable software) and packages are in development.
They may not be fully stable and should be used with caution. We make no claims about them.