CRAN Package Check Results for Package sads

Last updated on 2025-05-01 15:49:44 CEST.

Flavor Version Tinstall Tcheck Ttotal Status Flags
r-devel-linux-x86_64-debian-clang 0.6.3 17.34 169.40 186.74 NOTE
r-devel-linux-x86_64-debian-gcc 0.6.3 12.27 118.96 131.23 NOTE
r-devel-linux-x86_64-fedora-clang 0.6.3 324.41 OK
r-devel-linux-x86_64-fedora-gcc 0.6.3 305.39 OK
r-devel-windows-x86_64 0.6.3 22.00 213.00 235.00 NOTE
r-patched-linux-x86_64 0.6.3 20.99 161.01 182.00 NOTE
r-release-linux-x86_64 NOTE
r-release-macos-arm64 0.6.3 102.00 OK
r-release-macos-x86_64 0.6.3 194.00 OK
r-release-windows-x86_64 0.6.3 22.00 221.00 243.00 NOTE
r-oldrel-macos-arm64 0.6.3 105.00 OK
r-oldrel-macos-x86_64 0.6.3 137.00 OK
r-oldrel-windows-x86_64 0.6.3 26.00 248.00 274.00 OK

Check Details

Version: 0.6.3
Check: CRAN incoming feasibility
Result: NOTE Maintainer: ‘Paulo I. Prado <prado@ib.usp.br>’ No Authors@R field in DESCRIPTION. Please add one, modifying Authors@R: c(person(given = c("Paulo", "I."), family = "Prado", role = c("aut", "cre"), email = "prado@ib.usp.br"), person(given = c("Murilo", "Dantas"), family = "Miranda", role = "aut"), person(given = "Andre", family = "Chalom", role = "aut")) as necessary. Flavors: r-devel-linux-x86_64-debian-clang, r-devel-linux-x86_64-debian-gcc

Version: 0.6.3
Check: Rd cross-references
Result: NOTE Found the following Rd file(s) with Rd \link{} targets missing package anchors: ICtab.Rd: mle2-class fitrad-class.Rd: mle2, mle2-class fitsad-class.Rd: mle2, mle2-class fitsadC-class.Rd: mle2, mle2-class Please provide package anchors for all Rd \link{} targets not in the package itself and the base packages. Flavors: r-devel-linux-x86_64-debian-clang, r-devel-linux-x86_64-debian-gcc, r-devel-windows-x86_64, r-patched-linux-x86_64, r-release-linux-x86_64, r-release-windows-x86_64

Version: 0.6.3
Check: examples
Result: NOTE Examples with CPU (user + system) or elapsed time > 5s user system elapsed dvolkov 4.605 0.131 6.074 Flavor: r-devel-linux-x86_64-debian-clang

These binaries (installable software) and packages are in development.
They may not be fully stable and should be used with caution. We make no claims about them.