CRAN Package Check Results for Package sae.projection

Last updated on 2025-05-08 04:52:17 CEST.

Flavor Version Tinstall Tcheck Ttotal Status Flags
r-devel-linux-x86_64-debian-clang 0.1.3 26.83 177.66 204.49 OK
r-devel-linux-x86_64-debian-gcc 0.1.3 22.20 130.72 152.92 OK
r-devel-linux-x86_64-fedora-clang 0.1.3 350.53 OK
r-devel-linux-x86_64-fedora-gcc 0.1.3 332.77 OK
r-devel-windows-x86_64 0.1.3 31.00 160.00 191.00 OK
r-patched-linux-x86_64 0.1.3 25.33 173.06 198.39 OK
r-release-linux-x86_64 0.1.3 27.42 168.51 195.93 OK
r-release-macos-arm64 0.1.3 72.00 OK
r-release-macos-x86_64 0.1.3 143.00 OK
r-release-windows-x86_64 0.1.3 32.00 163.00 195.00 OK
r-oldrel-macos-arm64 0.1.3 86.00 NOTE
r-oldrel-macos-x86_64 0.1.3 145.00 NOTE
r-oldrel-windows-x86_64 0.1.3 37.00 206.00 243.00 OK

Check Details

Version: 0.1.3
Check: installed package size
Result: NOTE installed size is 5.2Mb sub-directories of 1Mb or more: data 5.0Mb Flavors: r-oldrel-macos-arm64, r-oldrel-macos-x86_64

These binaries (installable software) and packages are in development.
They may not be fully stable and should be used with caution. We make no claims about them.