Last updated on 2025-05-08 04:52:18 CEST.
Flavor | Version | Tinstall | Tcheck | Ttotal | Status | Flags |
---|---|---|---|---|---|---|
r-devel-linux-x86_64-debian-clang | 1.2.2 | 17.57 | 106.54 | 124.11 | OK | |
r-devel-linux-x86_64-debian-gcc | 1.2.2 | 11.85 | 70.83 | 82.68 | OK | |
r-devel-linux-x86_64-fedora-clang | 1.2.3 | 197.24 | OK | |||
r-devel-linux-x86_64-fedora-gcc | 1.2.3 | 191.83 | OK | |||
r-devel-windows-x86_64 | 1.2.2 | 17.00 | 105.00 | 122.00 | OK | |
r-patched-linux-x86_64 | 1.2.2 | 16.46 | 98.02 | 114.48 | OK | |
r-release-linux-x86_64 | 1.2.2 | 16.56 | 96.40 | 112.96 | OK | |
r-release-macos-arm64 | 1.2.3 | 47.00 | OK | |||
r-release-macos-x86_64 | 1.2.3 | 71.00 | OK | |||
r-release-windows-x86_64 | 1.2.2 | 18.00 | 104.00 | 122.00 | OK | |
r-oldrel-macos-arm64 | 1.2.3 | 54.00 | NOTE | |||
r-oldrel-macos-x86_64 | 1.2.3 | 97.00 | NOTE | |||
r-oldrel-windows-x86_64 | 1.2.2 | 25.00 | 130.00 | 155.00 | OK |
Version: 1.2.3
Check: package dependencies
Result: NOTE
Package suggested but not available for checking: ‘INLA’
Flavors: r-oldrel-macos-arm64, r-oldrel-macos-x86_64
These binaries (installable software) and packages are in development.
They may not be fully stable and should be used with caution. We make no claims about them.