CRAN Package Check Results for Package saeBest

Last updated on 2025-11-11 15:50:46 CET.

Flavor Version Tinstall Tcheck Ttotal Status Flags
r-devel-linux-x86_64-debian-clang 0.1.0 7.35 61.24 68.59 NOTE
r-devel-linux-x86_64-debian-gcc 0.1.0 5.76 45.34 51.10 NOTE
r-devel-linux-x86_64-fedora-clang 0.1.0 17.00 87.14 104.14 OK
r-devel-linux-x86_64-fedora-gcc 0.1.0 36.00 74.46 110.46 OK
r-devel-windows-x86_64 0.1.0 9.00 69.00 78.00 OK
r-patched-linux-x86_64 0.1.0 7.06 58.53 65.59 OK
r-release-linux-x86_64 0.1.0 6.67 57.73 64.40 OK
r-release-macos-arm64 0.1.0 4.00 32.00 36.00 OK
r-release-macos-x86_64 0.1.0 7.00 57.00 64.00 OK
r-release-windows-x86_64 0.1.0 8.00 67.00 75.00 OK
r-oldrel-macos-arm64 0.1.0 4.00 29.00 33.00 OK
r-oldrel-macos-x86_64 0.1.0 5.00 45.00 50.00 OK
r-oldrel-windows-x86_64 0.1.0 12.00 79.00 91.00 OK

Check Details

Version: 0.1.0
Check: CRAN incoming feasibility
Result: NOTE Maintainer: ‘Sheerin Dahwan Aziz <sheerindahwan@gmail.com>’ No Authors@R field in DESCRIPTION. Please add one, modifying Authors@R: c(person(given = "Azka", family = "Ubaidillah", role = "aut"), person(given = c("Sheerin", "Dahwan"), family = "Aziz", role = c("aut", "cre"), email = "sheerindahwan@gmail.com")) as necessary. Flavors: r-devel-linux-x86_64-debian-clang, r-devel-linux-x86_64-debian-gcc

These binaries (installable software) and packages are in development.
They may not be fully stable and should be used with caution. We make no claims about them.