Last updated on 2025-05-02 02:51:06 CEST.
Flavor | Version | Tinstall | Tcheck | Ttotal | Status | Flags |
---|---|---|---|---|---|---|
r-devel-linux-x86_64-debian-clang | 1.0.1 | 4.26 | 34.53 | 38.79 | NOTE | |
r-devel-linux-x86_64-debian-gcc | 1.0.1 | 3.12 | 26.37 | 29.49 | OK | |
r-devel-linux-x86_64-fedora-clang | 1.0.1 | 64.38 | OK | |||
r-devel-linux-x86_64-fedora-gcc | 1.0.1 | 59.77 | OK | |||
r-devel-windows-x86_64 | 1.0.1 | 5.00 | 63.00 | 68.00 | OK | |
r-patched-linux-x86_64 | 1.0.1 | 3.84 | 33.50 | 37.34 | OK | |
r-release-linux-x86_64 | OK | |||||
r-release-macos-arm64 | 1.0.1 | 24.00 | OK | |||
r-release-macos-x86_64 | 1.0.1 | 40.00 | OK | |||
r-release-windows-x86_64 | 1.0.1 | 7.00 | 58.00 | 65.00 | OK | |
r-oldrel-macos-arm64 | 1.0.1 | 22.00 | OK | |||
r-oldrel-macos-x86_64 | 1.0.1 | 33.00 | OK | |||
r-oldrel-windows-x86_64 | 1.0.1 | 6.00 | 60.00 | 66.00 | OK |
Version: 1.0.1
Check: examples
Result: NOTE
Examples with CPU (user + system) or elapsed time > 5s
user system elapsed
meHBNormal 5.062 0.063 7.073
Flavor: r-devel-linux-x86_64-debian-clang
These binaries (installable software) and packages are in development.
They may not be fully stable and should be used with caution. We make no claims about them.