Last updated on 2025-11-16 03:50:10 CET.
| Flavor | Version | Tinstall | Tcheck | Ttotal | Status | Flags |
|---|---|---|---|---|---|---|
| r-devel-linux-x86_64-debian-clang | 0.2.0 | 254.00 | 198.64 | 452.64 | OK | |
| r-devel-linux-x86_64-debian-gcc | 0.2.0 | 226.53 | 161.19 | 387.72 | OK | |
| r-devel-linux-x86_64-fedora-clang | 0.2.0 | 325.00 | 373.61 | 698.61 | OK | |
| r-devel-linux-x86_64-fedora-gcc | 0.2.0 | 900.00 | -4.97 | 895.03 | OK | |
| r-devel-windows-x86_64 | 0.2.0 | 273.00 | 232.00 | 505.00 | OK | |
| r-patched-linux-x86_64 | 0.2.0 | 282.55 | 212.33 | 494.88 | OK | |
| r-release-linux-x86_64 | 0.2.0 | 286.11 | 214.87 | 500.98 | OK | |
| r-release-macos-arm64 | 0.2.0 | 98.00 | 78.00 | 176.00 | OK | |
| r-release-macos-x86_64 | 0.2.0 | 165.00 | 176.00 | 341.00 | OK | |
| r-release-windows-x86_64 | 0.2.0 | 282.00 | 230.00 | 512.00 | OK | |
| r-oldrel-macos-arm64 | 0.2.0 | 96.00 | 84.00 | 180.00 | NOTE | |
| r-oldrel-macos-x86_64 | 0.2.0 | 149.00 | 177.00 | 326.00 | NOTE | |
| r-oldrel-windows-x86_64 | 0.2.0 | 301.00 | 307.00 | 608.00 | OK |
Version: 0.2.0
Check: installed package size
Result: NOTE
installed size is 54.3Mb
sub-directories of 1Mb or more:
libs 53.9Mb
Flavors: r-oldrel-macos-arm64, r-oldrel-macos-x86_64
Version: 0.2.0
Check: for GNU extensions in Makefiles
Result: NOTE
GNU make is a SystemRequirements.
Flavors: r-oldrel-macos-arm64, r-oldrel-macos-x86_64
These binaries (installable software) and packages are in development.
They may not be fully stable and should be used with caution. We make no claims about them.